CRAN Package Check Results for Package bdchecks

Last updated on 2020-07-02 02:09:43 CEST.

Flavor Version Tinstall Tcheck Ttotal Status Flags
r-devel-linux-x86_64-debian-clang 0.1.7 14.38 110.93 125.31 OK
r-devel-linux-x86_64-debian-gcc 0.1.7 11.96 83.55 95.51 OK
r-devel-linux-x86_64-fedora-clang 0.1.7 135.09 NOTE
r-devel-linux-x86_64-fedora-gcc 0.1.7 124.71 NOTE
r-devel-windows-ix86+x86_64 0.1.7 61.00 180.00 241.00 OK
r-patched-linux-x86_64 0.1.7 15.64 107.55 123.19 OK
r-patched-solaris-x86 0.1.7 206.70 NOTE
r-release-linux-x86_64 0.1.7 13.07 107.74 120.81 OK
r-release-osx-x86_64 0.1.7 NOTE
r-release-windows-ix86+x86_64 0.1.7 36.00 117.00 153.00 OK
r-oldrel-osx-x86_64 0.1.7 NOTE
r-oldrel-windows-ix86+x86_64 0.1.7 59.00 165.00 224.00 OK

Check Details

Version: 0.1.7
Check: data for non-ASCII characters
Result: NOTE
     Note: found 72 marked UTF-8 strings
Flavors: r-devel-linux-x86_64-fedora-clang, r-devel-linux-x86_64-fedora-gcc, r-patched-solaris-x86, r-release-osx-x86_64, r-oldrel-osx-x86_64