CRAN Package Check Results for Package beats

Last updated on 2020-07-02 02:09:43 CEST.

Flavor Version Tinstall Tcheck Ttotal Status Flags
r-devel-linux-x86_64-debian-clang 0.1.1 5.20 39.55 44.75 OK
r-devel-linux-x86_64-debian-gcc 0.1.1 4.39 30.29 34.68 OK
r-devel-linux-x86_64-fedora-clang 0.1.1 62.69 OK
r-devel-linux-x86_64-fedora-gcc 0.1.1 51.99 OK
r-devel-windows-ix86+x86_64 0.1.1 24.00 50.00 74.00 OK
r-patched-linux-x86_64 0.1.1 4.85 37.96 42.81 OK
r-patched-solaris-x86 0.1.1 83.70 NOTE
r-release-linux-x86_64 0.1.1 5.50 38.31 43.81 OK
r-release-osx-x86_64 0.1.1 OK
r-release-windows-ix86+x86_64 0.1.1 14.00 50.00 64.00 OK
r-oldrel-osx-x86_64 0.1.1 OK
r-oldrel-windows-ix86+x86_64 0.1.1 18.00 69.00 87.00 OK

Check Details

Version: 0.1.1
Check: package dependencies
Result: NOTE
    Package suggested but not available for checking: ‘gifski’
Flavor: r-patched-solaris-x86