CRAN Package Check Results for Package bestSDP

Last updated on 2020-07-02 02:09:43 CEST.

Flavor Version Tinstall Tcheck Ttotal Status Flags
r-devel-linux-x86_64-debian-clang 0.1.2 3.25 27.21 30.46 OK
r-devel-linux-x86_64-debian-gcc 0.1.2 2.47 22.04 24.51 OK
r-devel-linux-x86_64-fedora-clang 0.1.2 47.05 NOTE
r-devel-linux-x86_64-fedora-gcc 0.1.2 38.42 NOTE
r-devel-windows-ix86+x86_64 0.1.2 19.00 63.00 82.00 OK
r-patched-linux-x86_64 0.1.2 3.31 27.52 30.83 OK
r-patched-solaris-x86 0.1.2 61.20 NOTE
r-release-linux-x86_64 0.1.2 3.34 28.09 31.43 OK
r-release-osx-x86_64 0.1.2 NOTE
r-release-windows-ix86+x86_64 0.1.2 11.00 47.00 58.00 OK
r-oldrel-osx-x86_64 0.1.2 NOTE
r-oldrel-windows-ix86+x86_64 0.1.2 25.00 56.00 81.00 OK

Check Details

Version: 0.1.2
Check: dependencies in R code
Result: NOTE
    Namespaces in Imports field not imported from:
     ‘DT’ ‘dplyr’ ‘ggplot2’ ‘readxl’ ‘rlist’ ‘shinyBS’ ‘shinyWidgets’
     ‘shinydashboard’ ‘shinyjs’ ‘shinythemes’ ‘stringr’ ‘tidyr’
     All declared Imports should be used.
Flavors: r-devel-linux-x86_64-fedora-clang, r-devel-linux-x86_64-fedora-gcc, r-patched-solaris-x86, r-release-osx-x86_64, r-oldrel-osx-x86_64