CRAN Package Check Results for Package bigrquery

Last updated on 2020-07-02 02:09:43 CEST.

Flavor Version Tinstall Tcheck Ttotal Status Flags
r-devel-linux-x86_64-debian-clang 1.3.1 31.14 55.92 87.06 OK
r-devel-linux-x86_64-debian-gcc 1.3.1 22.25 42.10 64.35 OK
r-devel-linux-x86_64-fedora-clang 1.3.1 116.10 OK
r-devel-linux-x86_64-fedora-gcc 1.3.1 104.22 OK
r-devel-windows-ix86+x86_64 1.3.1 86.00 141.00 227.00 OK
r-patched-linux-x86_64 1.3.1 26.70 53.99 80.69 OK
r-patched-solaris-x86 1.3.1 120.70 WARN
r-release-linux-x86_64 1.3.1 25.47 54.34 79.81 OK
r-release-osx-x86_64 1.3.1 OK
r-release-windows-ix86+x86_64 1.3.1 60.00 100.00 160.00 OK
r-oldrel-osx-x86_64 1.3.1 OK
r-oldrel-windows-ix86+x86_64 1.3.1 65.00 149.00 214.00 OK

Check Details

Version: 1.3.1
Check: for unstated dependencies in ‘tests’
Result: WARN
    Warning in deparse(e[[2L]]) :
     it is not known that wchar_t is Unicode on this platform
    Warning in deparse(e[[2L]]) :
     it is not known that wchar_t is Unicode on this platform
Flavor: r-patched-solaris-x86