CRAN Package Check Results for Package bigstatsr

Last updated on 2020-07-02 02:09:43 CEST.

Flavor Version Tinstall Tcheck Ttotal Status Flags
r-devel-linux-x86_64-debian-clang 1.2.3 223.55 258.93 482.48 OK
r-devel-linux-x86_64-debian-gcc 1.2.3 171.88 203.45 375.33 OK
r-devel-linux-x86_64-fedora-clang 1.2.3 651.82 NOTE
r-devel-linux-x86_64-fedora-gcc 1.2.3 633.43 OK
r-devel-windows-ix86+x86_64 1.2.3 58.00 6.00 64.00 ERROR
r-patched-linux-x86_64 1.2.3 186.22 257.45 443.67 OK
r-patched-solaris-x86 1.2.3 713.50 OK
r-release-linux-x86_64 1.2.3 181.21 260.20 441.41 OK
r-release-osx-x86_64 1.2.3 NOTE
r-release-windows-ix86+x86_64 1.2.3 493.00 553.00 1046.00 NOTE
r-oldrel-osx-x86_64 1.2.3 NOTE
r-oldrel-windows-ix86+x86_64 1.2.3 571.00 584.00 1155.00 NOTE

Check Details

Version: 1.2.3
Check: installed package size
Result: NOTE
     installed size is 15.3Mb
     sub-directories of 1Mb or more:
     extdata 2.3Mb
     libs 12.4Mb
Flavors: r-devel-linux-x86_64-fedora-clang, r-release-osx-x86_64, r-release-windows-ix86+x86_64, r-oldrel-osx-x86_64, r-oldrel-windows-ix86+x86_64

Version: 1.2.3
Check: whether package can be installed
Result: ERROR
    Installation failed.
Flavor: r-devel-windows-ix86+x86_64