Last updated on 2020-07-02 02:09:43 CEST.
Flavor | Version | Tinstall | Tcheck | Ttotal | Status | Flags |
---|---|---|---|---|---|---|
r-devel-linux-x86_64-debian-clang | 1.0 | 1.83 | 25.61 | 27.44 | NOTE | |
r-devel-linux-x86_64-debian-gcc | 1.0 | 1.39 | 18.79 | 20.18 | NOTE | |
r-devel-linux-x86_64-fedora-clang | 1.0 | 41.02 | NOTE | |||
r-devel-linux-x86_64-fedora-gcc | 1.0 | 33.29 | NOTE | |||
r-devel-windows-ix86+x86_64 | 1.0 | 6.00 | 31.00 | 37.00 | NOTE | |
r-patched-linux-x86_64 | 1.0 | 1.97 | 25.10 | 27.07 | NOTE | |
r-patched-solaris-x86 | 1.0 | 47.20 | NOTE | |||
r-release-linux-x86_64 | 1.0 | 1.59 | 25.10 | 26.69 | NOTE | |
r-release-osx-x86_64 | 1.0 | NOTE | ||||
r-release-windows-ix86+x86_64 | 1.0 | 5.00 | 32.00 | 37.00 | NOTE | |
r-oldrel-osx-x86_64 | 1.0 | NOTE | ||||
r-oldrel-windows-ix86+x86_64 | 1.0 | 4.00 | 43.00 | 47.00 | NOTE |
Version: 1.0
Check: R code for possible problems
Result: NOTE
bin_ps: no visible global function definition for 'runif'
bin_ps: no visible global function definition for 'dbinom'
draw_i: no visible global function definition for 'runif'
Undefined global functions or variables:
dbinom runif
Consider adding
importFrom("stats", "dbinom", "runif")
to your NAMESPACE file.
Flavors: r-devel-linux-x86_64-debian-clang, r-devel-linux-x86_64-debian-gcc, r-devel-linux-x86_64-fedora-clang, r-devel-linux-x86_64-fedora-gcc, r-devel-windows-ix86+x86_64, r-patched-linux-x86_64, r-patched-solaris-x86, r-release-linux-x86_64, r-release-osx-x86_64, r-release-windows-ix86+x86_64, r-oldrel-osx-x86_64, r-oldrel-windows-ix86+x86_64