Last updated on 2020-07-02 02:09:43 CEST.
Flavor | Version | Tinstall | Tcheck | Ttotal | Status | Flags |
---|---|---|---|---|---|---|
r-devel-linux-x86_64-debian-clang | 2.4-1 | 81.87 | 180.22 | 262.09 | OK | |
r-devel-linux-x86_64-debian-gcc | 2.4-1 | 63.78 | 133.81 | 197.59 | OK | |
r-devel-linux-x86_64-fedora-clang | 2.4-1 | 336.86 | NOTE | |||
r-devel-linux-x86_64-fedora-gcc | 2.4-1 | 336.33 | NOTE | |||
r-devel-windows-ix86+x86_64 | 2.4-1 | 185.00 | 246.00 | 431.00 | NOTE | |
r-patched-linux-x86_64 | 2.4-1 | 68.31 | 177.74 | 246.05 | OK | |
r-patched-solaris-x86 | 2.4-1 | 402.20 | NOTE | |||
r-release-linux-x86_64 | 2.4-1 | 67.53 | 181.46 | 248.99 | OK | |
r-release-osx-x86_64 | 2.4-1 | NOTE | ||||
r-release-windows-ix86+x86_64 | 2.4-1 | 147.00 | 254.00 | 401.00 | NOTE | |
r-oldrel-osx-x86_64 | 2.4-1 | NOTE | ||||
r-oldrel-windows-ix86+x86_64 | 2.4-1 | 137.00 | 327.00 | 464.00 | NOTE |
Version: 2.4-1
Check: package dependencies
Result: NOTE
Package suggested but not available for checking: ‘msa’
Flavors: r-devel-linux-x86_64-fedora-clang, r-devel-linux-x86_64-fedora-gcc, r-patched-solaris-x86, r-release-osx-x86_64, r-oldrel-osx-x86_64
Version: 2.4-1
Check: installed package size
Result: NOTE
installed size is 7.2Mb
sub-directories of 1Mb or more:
libs 3.6Mb
Flavors: r-devel-linux-x86_64-fedora-clang, r-devel-windows-ix86+x86_64, r-release-osx-x86_64, r-release-windows-ix86+x86_64, r-oldrel-osx-x86_64, r-oldrel-windows-ix86+x86_64