CRAN Package Check Results for Package biomartr

Last updated on 2020-07-02 02:09:44 CEST.

Flavor Version Tinstall Tcheck Ttotal Status Flags
r-devel-linux-x86_64-debian-clang 0.9.2 27.12 208.62 235.74 OK
r-devel-linux-x86_64-debian-gcc 0.9.2 21.44 155.89 177.33 OK
r-devel-linux-x86_64-fedora-clang 0.9.2 301.94 NOTE
r-devel-linux-x86_64-fedora-gcc 0.9.2 292.17 NOTE
r-devel-windows-ix86+x86_64 0.9.2 71.00 324.00 395.00 OK
r-patched-linux-x86_64 0.9.2 25.86 201.01 226.87 OK
r-patched-solaris-x86 0.9.2 398.80 NOTE
r-release-linux-x86_64 0.9.2 26.02 203.97 229.99 OK
r-release-osx-x86_64 0.9.2 NOTE
r-release-windows-ix86+x86_64 0.9.2 48.00 211.00 259.00 OK
r-oldrel-osx-x86_64 0.9.2 NOTE
r-oldrel-windows-ix86+x86_64 0.9.2 71.00 280.00 351.00 OK

Check Details

Version: 0.9.2
Check: dependencies in R code
Result: NOTE
    Namespace in Imports field not imported from: ‘fs’
     All declared Imports should be used.
Flavors: r-devel-linux-x86_64-fedora-clang, r-devel-linux-x86_64-fedora-gcc, r-patched-solaris-x86, r-release-osx-x86_64, r-oldrel-osx-x86_64