Last updated on 2020-07-02 02:09:44 CEST.
Flavor | Version | Tinstall | Tcheck | Ttotal | Status | Flags |
---|---|---|---|---|---|---|
r-devel-linux-x86_64-debian-clang | 1.1-15.2 | 6.28 | 32.00 | 38.28 | OK | |
r-devel-linux-x86_64-debian-gcc | 1.1-15.2 | 4.71 | 25.25 | 29.96 | OK | |
r-devel-linux-x86_64-fedora-clang | 1.1-15.2 | 55.18 | NOTE | |||
r-devel-linux-x86_64-fedora-gcc | 1.1-15.2 | 46.38 | OK | |||
r-devel-windows-ix86+x86_64 | 1.1-15.2 | 19.00 | 51.00 | 70.00 | OK | |
r-patched-linux-x86_64 | 1.1-15.2 | 5.47 | 32.44 | 37.91 | OK | |
r-patched-solaris-x86 | 1.1-15.2 | 63.10 | OK | |||
r-release-linux-x86_64 | 1.1-15.2 | 5.26 | 32.73 | 37.99 | OK | |
r-release-osx-x86_64 | 1.1-15.2 | OK | ||||
r-release-windows-ix86+x86_64 | 1.1-15.2 | 16.00 | 51.00 | 67.00 | OK | |
r-oldrel-osx-x86_64 | 1.1-15.2 | OK | ||||
r-oldrel-windows-ix86+x86_64 | 1.1-15.2 | 14.00 | 47.00 | 61.00 | OK |
Version: 1.1-15.2
Check: Rd cross-references
Result: NOTE
Undeclared packages ‘ff’, ‘bit64’ in Rd xrefs
Flavor: r-devel-linux-x86_64-fedora-clang