CRAN Package Check Results for Package biwavelet

Last updated on 2020-07-02 02:09:44 CEST.

Flavor Version Tinstall Tcheck Ttotal Status Flags
r-devel-linux-x86_64-debian-clang 0.20.19 46.40 56.72 103.12 OK
r-devel-linux-x86_64-debian-gcc 0.20.19 34.06 43.21 77.27 OK
r-devel-linux-x86_64-fedora-clang 0.20.19 142.70 NOTE
r-devel-linux-x86_64-fedora-gcc 0.20.19 127.44 OK
r-devel-windows-ix86+x86_64 0.20.19 115.00 104.00 219.00 OK
r-patched-linux-x86_64 0.20.19 37.18 55.91 93.09 OK
r-patched-solaris-x86 0.20.19 140.00 OK
r-release-linux-x86_64 0.20.19 31.58 56.39 87.97 OK
r-release-osx-x86_64 0.20.19 OK
r-release-windows-ix86+x86_64 0.20.19 84.00 103.00 187.00 OK
r-oldrel-osx-x86_64 0.20.19 OK
r-oldrel-windows-ix86+x86_64 0.20.19 91.00 137.00 228.00 OK

Check Details

Version: 0.20.19
Check: Rd cross-references
Result: NOTE
    Undeclared package ‘RColorBrewer’ in Rd xrefs
Flavor: r-devel-linux-x86_64-fedora-clang