CRAN Package Check Results for Package blavaan

Last updated on 2020-07-02 02:09:44 CEST.

Flavor Version Tinstall Tcheck Ttotal Status Flags
r-devel-linux-x86_64-debian-clang 0.3-9 344.77 195.66 540.43 NOTE
r-devel-linux-x86_64-debian-gcc 0.3-9 231.33 149.33 380.66 NOTE
r-devel-linux-x86_64-fedora-clang 0.3-9 721.71 NOTE
r-devel-linux-x86_64-fedora-gcc 0.3-9 628.00 NOTE
r-devel-windows-ix86+x86_64 0.3-9 198.00 5.00 203.00 ERROR
r-patched-linux-x86_64 0.3-9 215.20 196.09 411.29 NOTE
r-patched-solaris-x86 0.3-9 625.30 NOTE
r-release-linux-x86_64 0.3-9 230.10 194.28 424.38 NOTE
r-release-osx-x86_64 0.3-9 NOTE
r-release-windows-ix86+x86_64 0.3-9 138.00 6.00 144.00 ERROR
r-oldrel-osx-x86_64 0.3-9 NOTE
r-oldrel-windows-ix86+x86_64 0.3-9 502.00 369.00 871.00 NOTE

Check Details

Version: 0.3-9
Check: for GNU extensions in Makefiles
Result: NOTE
    GNU make is a SystemRequirements.
Flavors: r-devel-linux-x86_64-debian-clang, r-devel-linux-x86_64-debian-gcc, r-devel-linux-x86_64-fedora-clang, r-devel-linux-x86_64-fedora-gcc, r-patched-linux-x86_64, r-patched-solaris-x86, r-release-linux-x86_64, r-release-osx-x86_64, r-oldrel-osx-x86_64, r-oldrel-windows-ix86+x86_64

Version: 0.3-9
Check: installed package size
Result: NOTE
     installed size is 64.4Mb
     sub-directories of 1Mb or more:
     libs 62.5Mb
Flavors: r-devel-linux-x86_64-fedora-clang, r-release-osx-x86_64, r-oldrel-osx-x86_64, r-oldrel-windows-ix86+x86_64

Version: 0.3-9
Check: whether package can be installed
Result: ERROR
    Installation failed.
Flavors: r-devel-windows-ix86+x86_64, r-release-windows-ix86+x86_64