Last updated on 2020-07-02 02:09:44 CEST.
Flavor | Version | Tinstall | Tcheck | Ttotal | Status | Flags |
---|---|---|---|---|---|---|
r-devel-linux-x86_64-debian-clang | 0.2.4 | 112.52 | 99.57 | 212.09 | OK | |
r-devel-linux-x86_64-debian-gcc | 0.2.4 | 78.43 | 76.46 | 154.89 | OK | |
r-devel-linux-x86_64-fedora-clang | 0.2.4 | 279.94 | NOTE | |||
r-devel-linux-x86_64-fedora-gcc | 0.2.4 | 246.90 | OK | |||
r-devel-windows-ix86+x86_64 | 0.2.4 | 250.00 | 148.00 | 398.00 | OK | |
r-patched-linux-x86_64 | 0.2.4 | 82.05 | 98.73 | 180.78 | OK | |
r-patched-solaris-x86 | 0.2.4 | 728.10 | OK | |||
r-release-linux-x86_64 | 0.2.4 | 89.22 | 98.46 | 187.68 | OK | |
r-release-osx-x86_64 | 0.2.4 | NOTE | ||||
r-release-windows-ix86+x86_64 | 0.2.4 | 189.00 | 147.00 | 336.00 | OK | |
r-oldrel-osx-x86_64 | 0.2.4 | NOTE | ||||
r-oldrel-windows-ix86+x86_64 | 0.2.4 | 197.00 | 194.00 | 391.00 | OK |
Version: 0.2.4
Check: installed package size
Result: NOTE
installed size is 8.1Mb
sub-directories of 1Mb or more:
libs 7.8Mb
Flavors: r-devel-linux-x86_64-fedora-clang, r-release-osx-x86_64, r-oldrel-osx-x86_64