Last updated on 2020-07-02 02:09:44 CEST.
Flavor | Version | Tinstall | Tcheck | Ttotal | Status | Flags |
---|---|---|---|---|---|---|
r-devel-linux-x86_64-debian-clang | 1.1.2 | 11.91 | 83.78 | 95.69 | OK | |
r-devel-linux-x86_64-debian-gcc | 1.1.2 | 9.05 | 62.84 | 71.89 | OK | |
r-devel-linux-x86_64-fedora-clang | 1.1.2 | 124.67 | NOTE | |||
r-devel-linux-x86_64-fedora-gcc | 1.1.2 | 110.85 | NOTE | |||
r-devel-windows-ix86+x86_64 | 1.1.2 | 40.00 | 90.00 | 130.00 | OK | |
r-patched-linux-x86_64 | 1.1.2 | 10.67 | 81.75 | 92.42 | OK | |
r-patched-solaris-x86 | 1.1.2 | 176.90 | NOTE | |||
r-release-linux-x86_64 | 1.1.2 | 11.76 | 79.97 | 91.73 | OK | |
r-release-osx-x86_64 | 1.1.2 | NOTE | ||||
r-release-windows-ix86+x86_64 | 1.1.2 | 25.00 | 89.00 | 114.00 | OK | |
r-oldrel-osx-x86_64 | 1.1.2 | NOTE | ||||
r-oldrel-windows-ix86+x86_64 | 1.1.2 | 37.00 | 137.00 | 174.00 | OK |
Version: 1.1.2
Check: dependencies in R code
Result: NOTE
Namespaces in Imports field not imported from:
‘rworldxtra’ ‘sp’
All declared Imports should be used.
Flavors: r-devel-linux-x86_64-fedora-clang, r-devel-linux-x86_64-fedora-gcc, r-patched-solaris-x86, r-release-osx-x86_64, r-oldrel-osx-x86_64