CRAN Package Check Results for Package catfun

Last updated on 2020-07-02 02:09:45 CEST.

Flavor Version Tinstall Tcheck Ttotal Status Flags
r-devel-linux-x86_64-debian-clang 0.1.4 12.09 86.92 99.01 OK
r-devel-linux-x86_64-debian-gcc 0.1.4 8.88 65.46 74.34 OK
r-devel-linux-x86_64-fedora-clang 0.1.4 125.85 NOTE
r-devel-linux-x86_64-fedora-gcc 0.1.4 113.62 NOTE
r-devel-windows-ix86+x86_64 0.1.4 46.00 97.00 143.00 OK
r-patched-linux-x86_64 0.1.4 6.91 83.67 90.58 OK
r-patched-solaris-x86 0.1.4 176.00 NOTE
r-release-linux-x86_64 0.1.4 7.14 83.14 90.28 OK
r-release-osx-x86_64 0.1.4 NOTE
r-release-windows-ix86+x86_64 0.1.4 26.00 99.00 125.00 OK
r-oldrel-osx-x86_64 0.1.4 NOTE
r-oldrel-windows-ix86+x86_64 0.1.4 31.00 141.00 172.00 OK

Check Details

Version: 0.1.4
Check: dependencies in R code
Result: NOTE
    Namespaces in Imports field not imported from:
     ‘broom’ ‘epitools’
     All declared Imports should be used.
Flavors: r-devel-linux-x86_64-fedora-clang, r-devel-linux-x86_64-fedora-gcc, r-patched-solaris-x86, r-release-osx-x86_64, r-oldrel-osx-x86_64