CRAN Package Check Results for Package ccaPP

Last updated on 2020-07-02 02:09:45 CEST.

Flavor Version Tinstall Tcheck Ttotal Status Flags
r-devel-linux-x86_64-debian-clang 0.3.3 82.50 35.14 117.64 OK --no-vignettes
r-devel-linux-x86_64-debian-gcc 0.3.3 55.58 28.92 84.50 OK --no-vignettes
r-devel-linux-x86_64-fedora-clang 0.3.3 205.42 NOTE
r-devel-linux-x86_64-fedora-gcc 0.3.3 176.75 OK
r-devel-windows-ix86+x86_64 0.3.3 184.00 105.00 289.00 OK
r-patched-linux-x86_64 0.3.3 60.17 36.30 96.47 OK --no-vignettes
r-patched-solaris-x86 0.3.3 138.90 OK --no-vignettes
r-release-linux-x86_64 0.3.3 62.94 35.97 98.91 OK --no-vignettes
r-release-osx-x86_64 0.3.3 NOTE
r-release-windows-ix86+x86_64 0.3.3 136.00 104.00 240.00 OK
r-oldrel-osx-x86_64 0.3.3 OK
r-oldrel-windows-ix86+x86_64 0.3.3 139.00 152.00 291.00 OK

Check Details

Version: 0.3.3
Check: installed package size
Result: NOTE
     installed size is 5.5Mb
     sub-directories of 1Mb or more:
     libs 5.1Mb
Flavors: r-devel-linux-x86_64-fedora-clang, r-release-osx-x86_64