Last updated on 2020-07-02 02:09:45 CEST.
Flavor | Version | Tinstall | Tcheck | Ttotal | Status | Flags |
---|---|---|---|---|---|---|
r-devel-linux-x86_64-debian-gcc | 0.1.0 | 5.82 | 20.55 | 26.37 | OK | |
r-devel-linux-x86_64-fedora-clang | 0.1.0 | 41.37 | NOTE | |||
r-devel-linux-x86_64-fedora-gcc | 0.1.0 | 31.90 | OK | |||
r-patched-linux-x86_64 | 0.1.0 | 7.80 | 25.54 | 33.34 | OK | |
r-patched-solaris-x86 | 0.1.0 | 64.90 | NOTE | |||
r-oldrel-osx-x86_64 | 0.1.0 | NOTE |
Version: 0.1.0
Check: installed package size
Result: NOTE
installed size is 38.5Mb
sub-directories of 1Mb or more:
include 38.3Mb
Flavors: r-devel-linux-x86_64-fedora-clang, r-patched-solaris-x86, r-oldrel-osx-x86_64