Last updated on 2020-07-02 02:09:45 CEST.
Flavor | Version | Tinstall | Tcheck | Ttotal | Status | Flags |
---|---|---|---|---|---|---|
r-devel-linux-x86_64-debian-clang | 0.4.0 | 20.54 | 90.45 | 110.99 | OK | |
r-devel-linux-x86_64-debian-gcc | 0.4.0 | 20.65 | 67.50 | 88.15 | OK | |
r-devel-linux-x86_64-fedora-clang | 0.4.0 | 143.77 | OK | |||
r-devel-linux-x86_64-fedora-gcc | 0.4.0 | 129.95 | OK | |||
r-devel-windows-ix86+x86_64 | 0.4.0 | 48.00 | 101.00 | 149.00 | OK | |
r-patched-linux-x86_64 | 0.4.0 | 23.33 | 88.20 | 111.53 | OK | |
r-patched-solaris-x86 | 0.4.0 | 171.00 | NOTE | |||
r-release-linux-x86_64 | 0.4.0 | 21.85 | 88.62 | 110.47 | OK | |
r-release-osx-x86_64 | 0.4.0 | OK | ||||
r-release-windows-ix86+x86_64 | 0.4.0 | 35.00 | 100.00 | 135.00 | OK | |
r-oldrel-osx-x86_64 | 0.4.0 | OK | ||||
r-oldrel-windows-ix86+x86_64 | 0.4.0 | 42.00 | 140.00 | 182.00 | OK |
Version: 0.4.0
Check: package dependencies
Result: NOTE
Package suggested but not available for checking: ‘iptools’
Flavor: r-patched-solaris-x86