Last updated on 2020-07-02 02:09:45 CEST.
Flavor | Version | Tinstall | Tcheck | Ttotal | Status | Flags |
---|---|---|---|---|---|---|
r-devel-linux-x86_64-debian-clang | 0.7.0 | 16.40 | 189.60 | 206.00 | OK | |
r-devel-linux-x86_64-debian-gcc | 0.7.0 | 12.98 | 138.50 | 151.48 | OK | |
r-devel-linux-x86_64-fedora-clang | 0.7.0 | 234.39 | OK | |||
r-devel-linux-x86_64-fedora-gcc | 0.7.0 | 232.12 | OK | |||
r-devel-windows-ix86+x86_64 | 0.7.0 | 42.00 | 177.00 | 219.00 | OK | |
r-patched-linux-x86_64 | 0.7.0 | 14.56 | 182.05 | 196.61 | OK | |
r-patched-solaris-x86 | 0.7.0 | 287.10 | NOTE | |||
r-release-linux-x86_64 | 0.7.0 | 15.22 | 182.07 | 197.29 | OK | |
r-release-osx-x86_64 | 0.7.0 | OK | ||||
r-release-windows-ix86+x86_64 | 0.7.0 | 27.00 | 186.00 | 213.00 | OK | |
r-oldrel-osx-x86_64 | 0.7.0 | OK | ||||
r-oldrel-windows-ix86+x86_64 | 0.7.0 | 32.00 | 249.00 | 281.00 | OK |
Version: 0.7.0
Check: installed package size
Result: NOTE
installed size is 5.7Mb
sub-directories of 1Mb or more:
data 1.0Mb
doc 1.7Mb
help 2.3Mb
Flavor: r-patched-solaris-x86