Last updated on 2020-07-02 02:09:45 CEST.
Flavor | Version | Tinstall | Tcheck | Ttotal | Status | Flags |
---|---|---|---|---|---|---|
r-devel-linux-x86_64-debian-clang | 0.6-8 | 4.61 | 162.81 | 167.42 | OK | |
r-devel-linux-x86_64-debian-gcc | 0.6-8 | 4.19 | 120.80 | 124.99 | OK | |
r-devel-linux-x86_64-fedora-clang | 0.6-8 | 214.21 | OK | |||
r-devel-linux-x86_64-fedora-gcc | 0.6-8 | 317.57 | NOTE | |||
r-devel-windows-ix86+x86_64 | 0.6-8 | 17.00 | 188.00 | 205.00 | OK | |
r-patched-linux-x86_64 | 0.6-8 | 5.37 | 159.45 | 164.82 | OK | |
r-patched-solaris-x86 | 0.6-8 | 272.50 | OK | |||
r-release-linux-x86_64 | 0.6-8 | 5.19 | 159.24 | 164.43 | OK | |
r-release-osx-x86_64 | 0.6-8 | NOTE | ||||
r-release-windows-ix86+x86_64 | 0.6-8 | 16.00 | 269.00 | 285.00 | OK | |
r-oldrel-osx-x86_64 | 0.6-8 | NOTE | ||||
r-oldrel-windows-ix86+x86_64 | 0.6-8 | 9.00 | 240.00 | 249.00 | OK |
Version: 0.6-8
Check: for non-standard things in the check directory
Result: NOTE
Found the following files/directories:
‘BiocVersion’ ‘GO.db’ ‘moe430a.db’
Flavor: r-devel-linux-x86_64-fedora-gcc
Version: 0.6-8
Check: package dependencies
Result: NOTE
Package suggested but not available for checking: ‘moe430a.db’
Flavor: r-release-osx-x86_64
Version: 0.6-8
Check: package dependencies
Result: NOTE
Packages suggested but not available for checking: 'GO.db', 'moe430a.db'
Flavor: r-oldrel-osx-x86_64