CRAN Package Check Results for Package clusterCrit

Last updated on 2020-07-02 02:09:45 CEST.

Flavor Version Tinstall Tcheck Ttotal Status Flags
r-devel-linux-x86_64-debian-clang 1.2.8 6.25 29.21 35.46 OK
r-devel-linux-x86_64-debian-gcc 1.2.8 5.01 22.94 27.95 OK
r-devel-linux-x86_64-fedora-clang 1.2.8 52.68 NOTE
r-devel-linux-x86_64-fedora-gcc 1.2.8 42.94 NOTE
r-devel-windows-ix86+x86_64 1.2.8 23.00 50.00 73.00 OK
r-patched-linux-x86_64 1.2.8 5.90 28.66 34.56 OK
r-patched-solaris-x86 1.2.8 57.60 OK
r-release-linux-x86_64 1.2.8 5.45 28.90 34.35 OK
r-release-osx-x86_64 1.2.8 OK
r-release-windows-ix86+x86_64 1.2.8 17.00 50.00 67.00 OK
r-oldrel-osx-x86_64 1.2.8 OK
r-oldrel-windows-ix86+x86_64 1.2.8 18.00 44.00 62.00 OK

Check Details

Version: 1.2.8
Check: top-level files
Result: NOTE
     possible bashism in cleanup line 15 (brace expansion):
     rm -f src/*.{o,so,mod}
     possible bashism in cleanup line 17 (brace expansion):
     rm -f config.{log,status}
     possible bashism in cleanup line 22 (brace expansion):
     rm -f vignettes/*.{tex,aux,bbl,blg,log,toc,idx,ind,ilg,out,synctex.gz}
Flavors: r-devel-linux-x86_64-fedora-clang, r-devel-linux-x86_64-fedora-gcc