CRAN Package Check Results for Package clustermq

Last updated on 2020-07-02 02:09:45 CEST.

Flavor Version Tinstall Tcheck Ttotal Status Flags
r-devel-linux-x86_64-debian-clang 0.8.9 9.14 38.99 48.13 OK
r-devel-linux-x86_64-debian-gcc 0.8.95 32.70 45.65 78.35 OK
r-devel-linux-x86_64-fedora-clang 0.8.95 144.90 WARN
r-devel-linux-x86_64-fedora-gcc 0.8.95 129.10 NOTE
r-devel-windows-ix86+x86_64 0.8.9 21.00 48.00 69.00 OK
r-patched-linux-x86_64 0.8.9 7.87 38.59 46.46 OK
r-patched-solaris-x86 0.8.95 52.90 ERROR
r-release-linux-x86_64 0.8.9 7.92 38.61 46.53 OK
r-release-osx-x86_64 0.8.9 NOTE
r-release-windows-ix86+x86_64 0.8.9 12.00 46.00 58.00 OK
r-oldrel-osx-x86_64 0.8.9 NOTE
r-oldrel-windows-ix86+x86_64 0.8.9 38.00 80.00 118.00 OK

Check Details

Version: 0.8.95
Check: whether package can be installed
Result: WARN
    Found the following significant warnings:
     ../inst/zmq.hpp:1205:16: warning: 'send' is deprecated: from 4.3.1, use send taking message_t and send_flags [-Wdeprecated-declarations]
Flavor: r-devel-linux-x86_64-fedora-clang

Version: 0.8.95
Check: dependencies in R code
Result: NOTE
    Namespaces in Imports field not imported from:
     ‘R6’ ‘methods’ ‘purrr’
     All declared Imports should be used.
Flavors: r-devel-linux-x86_64-fedora-clang, r-devel-linux-x86_64-fedora-gcc

Version: 0.8.95
Check: whether the package can be loaded
Result: ERROR
    Loading this package had a fatal error status code 139
    Loading log:
    
     *** caught segfault ***
    address 8232030, cause 'invalid permissions'
    
    Traceback:
     1: dyn.load(file, DLLpath = DLLpath, ...)
     2: library.dynam(lib, package, package.lib)
     3: loadNamespace(package, lib.loc)
     4: doTryCatch(return(expr), name, parentenv, handler)
     5: tryCatchOne(expr, names, parentenv, handlers[[1L]])
     6: tryCatchList(expr, classes, parentenv, handlers)
     7: tryCatch({ attr(package, "LibPath") <- which.lib.loc ns <- loadNamespace(package, lib.loc) env <- attachNamespace(ns, pos = pos, deps, exclude, include.only)}, error = function(e) { P <- if (!is.null(cc <- conditionCall(e))) paste(" in", deparse(cc)[1L]) else "" msg <- gettextf("package or namespace load failed for %s%s:\n %s", sQuote(package), P, conditionMessage(e)) if (logical.return) message(paste("Error:", msg), domain = NA) else stop(msg, call. = FALSE, domain = NA)})
     8: library(clustermq)
    An irrecoverable exception occurred. R is aborting now ...
Flavor: r-patched-solaris-x86

Version: 0.8.9
Check: dependencies in R code
Result: NOTE
    Namespaces in Imports field not imported from:
     ‘R6’ ‘purrr’
     All declared Imports should be used.
Flavors: r-release-osx-x86_64, r-oldrel-osx-x86_64