Last updated on 2020-07-02 02:09:45 CEST.
Flavor | Version | Tinstall | Tcheck | Ttotal | Status | Flags |
---|---|---|---|---|---|---|
r-devel-linux-x86_64-debian-clang | 1.0 | 13.09 | 65.55 | 78.64 | NOTE | |
r-devel-linux-x86_64-debian-gcc | 1.0 | 10.80 | 51.80 | 62.60 | NOTE | |
r-devel-linux-x86_64-fedora-clang | 1.0 | 107.01 | NOTE | |||
r-devel-linux-x86_64-fedora-gcc | 1.0 | 97.35 | NOTE | |||
r-devel-windows-ix86+x86_64 | 1.0 | 33.00 | 67.00 | 100.00 | NOTE | |
r-patched-linux-x86_64 | 1.0 | 13.72 | 67.32 | 81.04 | NOTE | |
r-patched-solaris-x86 | 1.0 | 135.80 | NOTE | |||
r-release-linux-x86_64 | 1.0 | 13.74 | 66.55 | 80.29 | NOTE | |
r-release-osx-x86_64 | 1.0 | NOTE | ||||
r-release-windows-ix86+x86_64 | 1.0 | 21.00 | 69.00 | 90.00 | NOTE | |
r-oldrel-osx-x86_64 | 1.0 | FAIL | ||||
r-oldrel-windows-ix86+x86_64 | 1.0 | 25.00 | 115.00 | 140.00 | NOTE |
Version: 1.0
Check: R code for possible problems
Result: NOTE
cnca : transforma : <anonymous>: no visible global function definition
for 'var'
cnca : cal.ic: no visible global function definition for 'sd'
cnca : cal.ic: no visible global function definition for 'qt'
cnca : cal.ic: no visible global function definition for 'quantile'
cnca : cal.ic: no visible global function definition for 'qnorm'
cnca : cal.ic: no visible global function definition for 'pnorm'
cnca : OnOKinf : OnOKnames : Graphics : plotbar: no visible global
function definition for 'barplot'
cnca : OnOKinf : OnOKnames : Graphics : Onaxis: no visible global
function definition for 'write.table'
cnca : OnOKinf : OnOKnames : Graphics : Onaxis : normalLine: no visible
global function definition for 'abline'
cnca : OnOKinf : OnOKnames : Graphics : Onaxis : normalLine: no visible
global function definition for 'segments'
cnca : OnOKinf : OnOKnames : Graphics : Onaxis : plotFunction: no
visible global function definition for 'par'
cnca : OnOKinf : OnOKnames : Graphics : Onaxis : plotFunction: no
visible global function definition for 'points'
cnca : OnOKinf : OnOKnames : Graphics : Onaxis : plotFunction: no
visible global function definition for 'arrows'
cnca : OnOKinf : OnOKnames : Graphics : Onaxis : plotFunction: no
visible global function definition for 'abline'
cnca : OnOKinf : OnOKnames : Graphics : Onaxis : plotFunction: no
visible global function definition for 'text'
cnca : OnOKinf : OnOKnames : Graphics : Onaxis : SaveFileJPG: no
visible global function definition for 'jpeg'
cnca : OnOKinf : OnOKnames : Graphics : Onaxis : SaveFileJPG: no
visible global function definition for 'dev.off'
cnca : OnOKinf : OnOKnames : Graphics : Onaxis : SaveFilePDF: no
visible global function definition for 'pdf'
cnca : OnOKinf : OnOKnames : Graphics : Onaxis : SaveFilePDF: no
visible global function definition for 'dev.off'
cnca : OnOKinf : OnOKnames : Graphics : Onaxis : SaveFileeps: no
visible global function definition for 'postscript'
cnca : OnOKinf : OnOKnames : Graphics : Onaxis : SaveFileeps: no
visible global function definition for 'dev.off'
cnca : OnOKinf : OnOKnames : Graphics : Onaxis : SaveFilePng: no
visible global function definition for 'png'
cnca : OnOKinf : OnOKnames : Graphics : Onaxis : SaveFilePng: no
visible global function definition for 'dev.off'
cnca : OnOKinf : OnOKnames : Graphics : Onaxis : bootcnca : OnOKboot:
no visible global function definition for 'points'
cnca : OnOKinf : OnOKnames : Graphics : Onaxis : bootcnca : OnOKboot:
no visible global function definition for 'abline'
cnca : OnOKinf : OnOKnames : Graphics : Onaxis : bootcnca : OnOKboot:
no visible global function definition for 'chull'
cnca : OnOKinf : OnOKnames : Graphics : Onaxis : bootcnca : OnOKboot:
no visible global function definition for 'lines'
cnca : OnOKinf : OnOKnames : Graphics : Onaxis : bootcnca : OnOKboot:
no visible global function definition for 'text'
cnca : OnOKinf : OnOKnames : Graphics : Onaxis : bootcnca : OnOKboot:
no visible global function definition for 'pdf'
cnca : OnOKinf : OnOKnames : Graphics : Onaxis : bootcnca : OnOKboot:
no visible global function definition for 'par'
cnca : OnOKinf : OnOKnames : Graphics : Onaxis : bootcnca : OnOKboot:
no visible global function definition for 'hist'
cnca : OnOKinf : OnOKnames : Graphics : Onaxis : bootcnca : OnOKboot:
no visible global function definition for 'qqnorm'
cnca : OnOKinf : OnOKnames : Graphics : Onaxis : bootcnca : OnOKboot:
no visible global function definition for 'dev.off'
cnca : OnOKinf : OnOKnames : Graphics : Onaxis : bootcnca : OnOKboot:
no visible global function definition for 'postscript'
cnca : OnOKinf : OnOKnames : Graphics : Onaxis : bootcnca : OnOKboot:
no visible global function definition for 'write.table'
cnca : OnOKinf : OnOKnames : Graphics : Onaxis : gcoia : plotall: no
visible global function definition for 'layout'
cnca : OnOKinf : OnOKnames : Graphics : Onaxis : gcoia : plotall: no
visible global function definition for 'par'
cnca : OnOKinf : OnOKnames : Graphics : Onaxis : gcoia : plotall: no
visible global function definition for 'arrows'
cnca : OnOKinf : OnOKnames : Graphics : Onaxis : gcoia : plotall: no
visible global function definition for 'abline'
cnca : OnOKinf : OnOKnames : Graphics : Onaxis : gcoia : plotall: no
visible global function definition for 'text'
Undefined global functions or variables:
abline arrows barplot chull dev.off hist jpeg layout lines par pdf
png pnorm points postscript qnorm qqnorm qt quantile sd segments text
var write.table
Consider adding
importFrom("grDevices", "chull", "dev.off", "jpeg", "pdf", "png",
"postscript")
importFrom("graphics", "abline", "arrows", "barplot", "hist", "layout",
"lines", "par", "points", "segments", "text")
importFrom("stats", "pnorm", "qnorm", "qqnorm", "qt", "quantile", "sd",
"var")
importFrom("utils", "write.table")
to your NAMESPACE file.
Flavors: r-devel-linux-x86_64-debian-clang, r-devel-linux-x86_64-debian-gcc, r-devel-linux-x86_64-fedora-clang, r-devel-linux-x86_64-fedora-gcc, r-devel-windows-ix86+x86_64, r-patched-linux-x86_64, r-patched-solaris-x86, r-release-linux-x86_64, r-release-osx-x86_64, r-release-windows-ix86+x86_64
Version: 1.0
Check: whether package can be installed
Result: FAIL
Flavor: r-oldrel-osx-x86_64
Version: 1.0
Check: R code for possible problems
Result: NOTE
cnca : transforma : <anonymous>: no visible global function definition
for 'var'
cnca : cal.ic: no visible global function definition for 'sd'
cnca : cal.ic: no visible global function definition for 'qt'
cnca : cal.ic: no visible global function definition for 'quantile'
cnca : cal.ic: no visible global function definition for 'qnorm'
cnca : cal.ic: no visible global function definition for 'pnorm'
cnca : OnOKinf : OnOKnames : Graphics : plotbar: no visible global
function definition for 'barplot'
cnca : OnOKinf : OnOKnames : Graphics : Onaxis: no visible global
function definition for 'write.table'
cnca : OnOKinf : OnOKnames : Graphics : Onaxis : normalLine: no visible
global function definition for 'abline'
cnca : OnOKinf : OnOKnames : Graphics : Onaxis : normalLine: no visible
global function definition for 'segments'
cnca : OnOKinf : OnOKnames : Graphics : Onaxis : plotFunction: no
visible global function definition for 'par'
cnca : OnOKinf : OnOKnames : Graphics : Onaxis : plotFunction: no
visible global function definition for 'plot'
cnca : OnOKinf : OnOKnames : Graphics : Onaxis : plotFunction: no
visible global function definition for 'points'
cnca : OnOKinf : OnOKnames : Graphics : Onaxis : plotFunction: no
visible global function definition for 'arrows'
cnca : OnOKinf : OnOKnames : Graphics : Onaxis : plotFunction: no
visible global function definition for 'abline'
cnca : OnOKinf : OnOKnames : Graphics : Onaxis : plotFunction: no
visible global function definition for 'text'
cnca : OnOKinf : OnOKnames : Graphics : Onaxis : SaveFileJPG: no
visible global function definition for 'jpeg'
cnca : OnOKinf : OnOKnames : Graphics : Onaxis : SaveFileJPG: no
visible global function definition for 'dev.off'
cnca : OnOKinf : OnOKnames : Graphics : Onaxis : SaveFilePDF: no
visible global function definition for 'pdf'
cnca : OnOKinf : OnOKnames : Graphics : Onaxis : SaveFilePDF: no
visible global function definition for 'dev.off'
cnca : OnOKinf : OnOKnames : Graphics : Onaxis : SaveFileeps: no
visible global function definition for 'postscript'
cnca : OnOKinf : OnOKnames : Graphics : Onaxis : SaveFileeps: no
visible global function definition for 'dev.off'
cnca : OnOKinf : OnOKnames : Graphics : Onaxis : SaveFilePng: no
visible global function definition for 'png'
cnca : OnOKinf : OnOKnames : Graphics : Onaxis : SaveFilePng: no
visible global function definition for 'dev.off'
cnca : OnOKinf : OnOKnames : Graphics : Onaxis : bootcnca : OnOKboot:
no visible global function definition for 'plot'
cnca : OnOKinf : OnOKnames : Graphics : Onaxis : bootcnca : OnOKboot:
no visible global function definition for 'points'
cnca : OnOKinf : OnOKnames : Graphics : Onaxis : bootcnca : OnOKboot:
no visible global function definition for 'abline'
cnca : OnOKinf : OnOKnames : Graphics : Onaxis : bootcnca : OnOKboot:
no visible global function definition for 'chull'
cnca : OnOKinf : OnOKnames : Graphics : Onaxis : bootcnca : OnOKboot:
no visible global function definition for 'lines'
cnca : OnOKinf : OnOKnames : Graphics : Onaxis : bootcnca : OnOKboot:
no visible global function definition for 'text'
cnca : OnOKinf : OnOKnames : Graphics : Onaxis : bootcnca : OnOKboot:
no visible global function definition for 'pdf'
cnca : OnOKinf : OnOKnames : Graphics : Onaxis : bootcnca : OnOKboot:
no visible global function definition for 'par'
cnca : OnOKinf : OnOKnames : Graphics : Onaxis : bootcnca : OnOKboot:
no visible global function definition for 'hist'
cnca : OnOKinf : OnOKnames : Graphics : Onaxis : bootcnca : OnOKboot:
no visible global function definition for 'qqnorm'
cnca : OnOKinf : OnOKnames : Graphics : Onaxis : bootcnca : OnOKboot:
no visible global function definition for 'dev.off'
cnca : OnOKinf : OnOKnames : Graphics : Onaxis : bootcnca : OnOKboot:
no visible global function definition for 'postscript'
cnca : OnOKinf : OnOKnames : Graphics : Onaxis : bootcnca : OnOKboot:
no visible global function definition for 'write.table'
cnca : OnOKinf : OnOKnames : Graphics : Onaxis : gcoia : plotall: no
visible global function definition for 'layout'
cnca : OnOKinf : OnOKnames : Graphics : Onaxis : gcoia : plotall: no
visible global function definition for 'par'
cnca : OnOKinf : OnOKnames : Graphics : Onaxis : gcoia : plotall: no
visible global function definition for 'plot'
cnca : OnOKinf : OnOKnames : Graphics : Onaxis : gcoia : plotall: no
visible global function definition for 'arrows'
cnca : OnOKinf : OnOKnames : Graphics : Onaxis : gcoia : plotall: no
visible global function definition for 'abline'
cnca : OnOKinf : OnOKnames : Graphics : Onaxis : gcoia : plotall: no
visible global function definition for 'text'
Undefined global functions or variables:
abline arrows barplot chull dev.off hist jpeg layout lines par pdf
plot png pnorm points postscript qnorm qqnorm qt quantile sd segments
text var write.table
Consider adding
importFrom("grDevices", "chull", "dev.off", "jpeg", "pdf", "png",
"postscript")
importFrom("graphics", "abline", "arrows", "barplot", "hist", "layout",
"lines", "par", "plot", "points", "segments", "text")
importFrom("stats", "pnorm", "qnorm", "qqnorm", "qt", "quantile", "sd",
"var")
importFrom("utils", "write.table")
to your NAMESPACE file.
Flavor: r-oldrel-windows-ix86+x86_64