Last updated on 2020-07-02 02:09:45 CEST.
Flavor | Version | Tinstall | Tcheck | Ttotal | Status | Flags |
---|---|---|---|---|---|---|
r-devel-linux-x86_64-debian-clang | 0.6.12 | 9.20 | 108.63 | 117.83 | OK | |
r-devel-linux-x86_64-debian-gcc | 0.6.12 | 6.97 | 81.35 | 88.32 | OK | |
r-devel-linux-x86_64-fedora-clang | 0.6.12 | 142.93 | NOTE | |||
r-devel-linux-x86_64-fedora-gcc | 0.6.12 | 134.61 | OK | |||
r-devel-windows-ix86+x86_64 | 0.6.12 | 32.00 | 183.00 | 215.00 | OK | |
r-patched-linux-x86_64 | 0.6.12 | 7.73 | 103.73 | 111.46 | OK | |
r-patched-solaris-x86 | 0.6.12 | 204.60 | OK | |||
r-release-linux-x86_64 | 0.6.12 | 8.76 | 104.22 | 112.98 | OK | |
r-release-osx-x86_64 | 0.6.12 | OK | ||||
r-release-windows-ix86+x86_64 | 0.6.12 | 18.00 | 113.00 | 131.00 | OK | |
r-oldrel-osx-x86_64 | 0.6.12 | OK | ||||
r-oldrel-windows-ix86+x86_64 | 0.6.12 | 27.00 | 170.00 | 197.00 | OK |
Version: 0.6.12
Check: Rd cross-references
Result: NOTE
Undeclared package ‘stringi’ in Rd xrefs
Flavor: r-devel-linux-x86_64-fedora-clang