CRAN Package Check Results for Package cocorresp

Last updated on 2020-07-02 02:09:45 CEST.

Flavor Version Tinstall Tcheck Ttotal Status Flags
r-devel-linux-x86_64-debian-clang 0.4-1 9.42 89.80 99.22 OK
r-devel-linux-x86_64-debian-gcc 0.4-1 7.16 70.15 77.31 OK
r-devel-linux-x86_64-fedora-clang 0.4-1 127.69 NOTE
r-devel-linux-x86_64-fedora-gcc 0.4-1 118.68 OK
r-devel-windows-ix86+x86_64 0.4-1 26.00 106.00 132.00 OK
r-patched-linux-x86_64 0.4-1 9.04 89.57 98.61 OK
r-patched-solaris-x86 0.4-1 172.60 OK
r-release-linux-x86_64 0.4-1 9.61 89.45 99.06 OK
r-release-osx-x86_64 0.4-1 OK
r-release-windows-ix86+x86_64 0.4-1 18.00 94.00 112.00 OK
r-oldrel-osx-x86_64 0.4-1 OK
r-oldrel-windows-ix86+x86_64 0.4-1 26.00 138.00 164.00 OK

Check Details

Version: 0.4-1
Check: Rd cross-references
Result: NOTE
    Undeclared package ‘pls’ in Rd xrefs
Flavor: r-devel-linux-x86_64-fedora-clang