Last updated on 2020-07-02 02:09:45 CEST.
Flavor | Version | Tinstall | Tcheck | Ttotal | Status | Flags |
---|---|---|---|---|---|---|
r-devel-linux-x86_64-debian-clang | 0.9.2 | 7.16 | 216.20 | 223.36 | OK | |
r-devel-linux-x86_64-debian-gcc | 0.9.2 | 5.83 | 156.65 | 162.48 | OK | |
r-devel-linux-x86_64-fedora-clang | 0.9.2 | 267.57 | NOTE | |||
r-devel-linux-x86_64-fedora-gcc | 0.9.2 | 248.53 | NOTE | |||
r-devel-windows-ix86+x86_64 | 0.9.2 | 27.00 | 357.00 | 384.00 | OK | |
r-patched-linux-x86_64 | 0.9.2 | 7.43 | 206.13 | 213.56 | OK | |
r-patched-solaris-x86 | 0.9.2 | 475.20 | WARN | |||
r-release-linux-x86_64 | 0.9.2 | 7.02 | 207.51 | 214.53 | OK | |
r-release-osx-x86_64 | 0.9.2 | WARN | ||||
r-release-windows-ix86+x86_64 | 0.9.2 | 20.00 | 255.00 | 275.00 | OK | |
r-oldrel-osx-x86_64 | 0.9.2 | WARN | ||||
r-oldrel-windows-ix86+x86_64 | 0.9.2 | 22.00 | 351.00 | 373.00 | OK |
Version: 0.9.2
Check: dependencies in R code
Result: NOTE
Namespaces in Imports field not imported from:
‘graphics’ ‘jsonlite’ ‘rlang’ ‘tidyselect’ ‘vctrs’
All declared Imports should be used.
Flavors: r-devel-linux-x86_64-fedora-clang, r-devel-linux-x86_64-fedora-gcc, r-patched-solaris-x86, r-release-osx-x86_64, r-oldrel-osx-x86_64
Version: 0.9.2
Check: data for non-ASCII characters
Result: NOTE
Note: found 65 marked UTF-8 strings
Flavors: r-devel-linux-x86_64-fedora-clang, r-devel-linux-x86_64-fedora-gcc, r-patched-solaris-x86, r-release-osx-x86_64, r-oldrel-osx-x86_64
Version: 0.9.2
Check: re-building of vignette outputs
Result: WARN
Error(s) in re-building vignettes:
...
--- re-building ‘codebook.Rmd’ using rmarkdown
Warning in engine$weave(file, quiet = quiet, encoding = enc) :
Pandoc (>= 1.12.3) and/or pandoc-citeproc not available. Falling back to R Markdown v1.
Attaching package: 'labelled'
The following object is masked from 'package:codebook':
to_factor
Quitting from lines NA-15 (codebook.Rmd)
Error: processing vignette 'codebook.Rmd' failed with diagnostics:
cannot open the connection
--- failed re-building ‘codebook.Rmd’
--- re-building ‘codebook_qualtrics.Rmd’ using rmarkdown
Warning in engine$weave(file, quiet = quiet, encoding = enc) :
Pandoc (>= 1.12.3) and/or pandoc-citeproc not available. Falling back to R Markdown v1.
Attaching package: 'dplyr'
The following objects are masked from 'package:stats':
filter, lag
The following objects are masked from 'package:base':
intersect, setdiff, setequal, union
Warning: Unknown or uninitialised column: `foreign`.
Warning: Unknown or uninitialised column: `foreign`.
Warning: Unknown or uninitialised column: `foreign`.
Warning in if (grepl("labelled", class(x[[i]]))) { :
the condition has length > 1 and only the first element will be used
Warning: Unknown or uninitialised column: `foreign`.
Warning in if (grepl("labelled", class(x[[i]]))) { :
the condition has length > 1 and only the first element will be used
Warning: Unknown or uninitialised column: `foreign`.
Warning: Unknown or uninitialised column: `foreign`.
Warning: Unknown or uninitialised column: `foreign`.
Warning: Unknown or uninitialised column: `foreign`.
Warning: Unknown or uninitialised column: `foreign`.
Warning: Unknown or uninitialised column: `foreign`.
Warning: Unknown or uninitialised column: `foreign`.
Warning: Unknown or uninitialised column: `foreign`.
Warning in if (grepl("labelled", class(x[[i]]))) { :
the condition has length > 1 and only the first element will be used
Warning: Unknown or uninitialised column: `foreign`.
Warning in if (grepl("labelled", class(x[[i]]))) { :
the condition has length > 1 and only the first element will be used
Warning: Unknown or uninitialised column: `foreign`.
Warning in if (grepl("labelled", class(x[[i]]))) { :
the condition has length > 1 and only the first element will be used
Warning: Unknown or uninitialised column: `foreign`.
Warning in if (grepl("labelled", class(x[[i]]))) { :
the condition has length > 1 and only the first element will be used
Warning: Unknown or uninitialised column: `foreign`.
Warning in if (grepl("labelled", class(x[[i]]))) { :
the condition has length > 1 and only the first element will be used
Warning: Unknown or uninitialised column: `foreign`.
Warning in if (grepl("labelled", class(x[[i]]))) { :
the condition has length > 1 and only the first element will be used
Warning: Unknown or uninitialised column: `foreign`.
Warning in if (grepl("labelled", class(x[[i]]))) { :
the condition has length > 1 and only the first element will be used
Warning: Unknown or uninitialised column: `foreign`.
Warning in if (grepl("labelled", class(x[[i]]))) { :
the condition has length > 1 and only the first element will be used
Warning: Unknown or uninitialised column: `foreign`.
Warning in if (grepl("labelled", class(x[[i]]))) { :
the condition has length > 1 and only the first element will be used
Warning: Unknown or uninitialised column: `foreign`.
Warning in if (grepl("labelled", class(x[[i]]))) { :
the condition has length > 1 and only the first element will be used
Warning: Unknown or uninitialised column: `foreign`.
Warning in if (grepl("labelled", class(x[[i]]))) { :
the condition has length > 1 and only the first element will be used
Warning: Unknown or uninitialised column: `foreign`.
Warning: Unknown or uninitialised column: `foreign`.
Warning in if (grepl("labelled", class(x[[i]]))) { :
the condition has length > 1 and only the first element will be used
Warning: Unknown or uninitialised column: `foreign`.
Warning in if (grepl("labelled", class(x[[i]]))) { :
the condition has length > 1 and only the first element will be used
Warning: Unknown or uninitialised column: `foreign`.
Warning in if (grepl("labelled", class(x[[i]]))) { :
the condition has length > 1 and only the first element will be used
Warning: Unknown or uninitialised column: `foreign`.
Warning in if (grepl("labelled", class(x[[i]]))) { :
the condition has length > 1 and only the first element will be used
Warning: Unknown or uninitialised column: `foreign`.
Warning in if (grepl("labelled", class(x[[i]]))) { :
the condition has length > 1 and only the first element will be used
Warning: Unknown or uninitialised column: `foreign`.
Warning in if (grepl("labelled", class(x[[i]]))) { :
the condition has length > 1 and only the first element will be used
Warning: Unknown or uninitialised column: `foreign`.
Warning: Unknown or uninitialised column: `foreign`.
Warning: Unknown or uninitialised column: `foreign`.
Warning: Unknown or uninitialised column: `foreign`.
Warning: Unknown or uninitialised column: `foreign`.
Warning: Unknown or uninitialised column: `foreign`.
Quitting from lines NA-15 (codebook_qualtrics.Rmd)
Error: processing vignette 'codebook_qualtrics.Rmd' failed with diagnostics:
cannot open the connection
--- failed re-building ‘codebook_qualtrics.Rmd’
--- re-building ‘codebook_sav.Rmd’ using rmarkdown
Warning in engine$weave(file, quiet = quiet, encoding = enc) :
Pandoc (>= 1.12.3) and/or pandoc-citeproc not available. Falling back to R Markdown v1.
Attaching package: 'dplyr'
The following objects are masked from 'package:stats':
filter, lag
The following objects are masked from 'package:base':
intersect, setdiff, setequal, union
Quitting from lines NA-15 (codebook_sav.Rmd)
Error: processing vignette 'codebook_sav.Rmd' failed with diagnostics:
cannot open the connection
--- failed re-building ‘codebook_sav.Rmd’
--- re-building ‘codebook_tutorial.Rmd’ using rmarkdown
Warning in engine$weave(file, quiet = quiet, encoding = enc) :
Pandoc (>= 1.12.3) and/or pandoc-citeproc not available. Falling back to R Markdown v1.
Attaching package: 'dplyr'
The following objects are masked from 'package:stats':
filter, lag
The following objects are masked from 'package:base':
intersect, setdiff, setequal, union
Quitting from lines NA-15 (codebook_tutorial.Rmd)
Error: processing vignette 'codebook_tutorial.Rmd' failed with diagnostics:
cannot open the connection
--- failed re-building ‘codebook_tutorial.Rmd’
SUMMARY: processing the following files failed:
‘codebook.Rmd’ ‘codebook_qualtrics.Rmd’ ‘codebook_sav.Rmd’
‘codebook_tutorial.Rmd’
Error: Vignette re-building failed.
Execution halted
Flavor: r-patched-solaris-x86
Version: 0.9.2
Check: re-building of vignette outputs
Result: WARN
Error(s) in re-building vignettes:
--- re-building ‘codebook.Rmd’ using rmarkdown
Attaching package: 'dplyr'
The following objects are masked from 'package:stats':
filter, lag
The following objects are masked from 'package:base':
intersect, setdiff, setequal, union
Attaching package: 'labelled'
The following object is masked from 'package:codebook':
to_factor
--- finished re-building ‘codebook.Rmd’
--- re-building ‘codebook_qualtrics.Rmd’ using rmarkdown
Attaching package: 'dplyr'
The following objects are masked from 'package:stats':
filter, lag
The following objects are masked from 'package:base':
intersect, setdiff, setequal, union
Warning: Unknown or uninitialised column: `foreign`.
Warning: Unknown or uninitialised column: `foreign`.
Warning: Unknown or uninitialised column: `foreign`.
Warning in if (grepl("labelled", class(x[[i]]))) { :
the condition has length > 1 and only the first element will be used
Warning: Unknown or uninitialised column: `foreign`.
Warning in if (grepl("labelled", class(x[[i]]))) { :
the condition has length > 1 and only the first element will be used
Warning: Unknown or uninitialised column: `foreign`.
Warning: Unknown or uninitialised column: `foreign`.
Warning: Unknown or uninitialised column: `foreign`.
Warning: Unknown or uninitialised column: `foreign`.
Warning: Unknown or uninitialised column: `foreign`.
Warning: Unknown or uninitialised column: `foreign`.
Warning: Unknown or uninitialised column: `foreign`.
Warning: Unknown or uninitialised column: `foreign`.
Warning in if (grepl("labelled", class(x[[i]]))) { :
the condition has length > 1 and only the first element will be used
Warning: Unknown or uninitialised column: `foreign`.
Warning in if (grepl("labelled", class(x[[i]]))) { :
the condition has length > 1 and only the first element will be used
Warning: Unknown or uninitialised column: `foreign`.
Warning in if (grepl("labelled", class(x[[i]]))) { :
the condition has length > 1 and only the first element will be used
Warning: Unknown or uninitialised column: `foreign`.
Warning in if (grepl("labelled", class(x[[i]]))) { :
the condition has length > 1 and only the first element will be used
Warning: Unknown or uninitialised column: `foreign`.
Warning in if (grepl("labelled", class(x[[i]]))) { :
the condition has length > 1 and only the first element will be used
Warning: Unknown or uninitialised column: `foreign`.
Warning in if (grepl("labelled", class(x[[i]]))) { :
the condition has length > 1 and only the first element will be used
Warning: Unknown or uninitialised column: `foreign`.
Warning in if (grepl("labelled", class(x[[i]]))) { :
the condition has length > 1 and only the first element will be used
Warning: Unknown or uninitialised column: `foreign`.
Warning in if (grepl("labelled", class(x[[i]]))) { :
the condition has length > 1 and only the first element will be used
Warning: Unknown or uninitialised column: `foreign`.
Warning in if (grepl("labelled", class(x[[i]]))) { :
the condition has length > 1 and only the first element will be used
Warning: Unknown or uninitialised column: `foreign`.
Warning in if (grepl("labelled", class(x[[i]]))) { :
the condition has length > 1 and only the first element will be used
Warning: Unknown or uninitialised column: `foreign`.
Warning in if (grepl("labelled", class(x[[i]]))) { :
the condition has length > 1 and only the first element will be used
Warning: Unknown or uninitialised column: `foreign`.
Warning: Unknown or uninitialised column: `foreign`.
Warning in if (grepl("labelled", class(x[[i]]))) { :
the condition has length > 1 and only the first element will be used
Warning: Unknown or uninitialised column: `foreign`.
Warning in if (grepl("labelled", class(x[[i]]))) { :
the condition has length > 1 and only the first element will be used
Warning: Unknown or uninitialised column: `foreign`.
Warning in if (grepl("labelled", class(x[[i]]))) { :
the condition has length > 1 and only the first element will be used
Warning: Unknown or uninitialised column: `foreign`.
Warning in if (grepl("labelled", class(x[[i]]))) { :
the condition has length > 1 and only the first element will be used
Warning: Unknown or uninitialised column: `foreign`.
Warning in if (grepl("labelled", class(x[[i]]))) { :
the condition has length > 1 and only the first element will be used
Warning: Unknown or uninitialised column: `foreign`.
Warning in if (grepl("labelled", class(x[[i]]))) { :
the condition has length > 1 and only the first element will be used
Warning: Unknown or uninitialised column: `foreign`.
Warning: Unknown or uninitialised column: `foreign`.
Warning: Unknown or uninitialised column: `foreign`.
Warning: Unknown or uninitialised column: `foreign`.
Warning: Unknown or uninitialised column: `foreign`.
Warning: Unknown or uninitialised column: `foreign`.
--- finished re-building ‘codebook_qualtrics.Rmd’
--- re-building ‘codebook_sav.Rmd’ using rmarkdown
Attaching package: 'dplyr'
The following objects are masked from 'package:stats':
filter, lag
The following objects are masked from 'package:base':
intersect, setdiff, setequal, union
--- finished re-building ‘codebook_sav.Rmd’
--- re-building ‘codebook_tutorial.Rmd’ using rmarkdown
Attaching package: 'dplyr'
The following objects are masked from 'package:stats':
filter, lag
The following objects are masked from 'package:base':
intersect, setdiff, setequal, union
Quitting from lines 278-280 (codebook_tutorial.Rmd)
Error: processing vignette 'codebook_tutorial.Rmd' failed with diagnostics:
Could not summarise item C2. Error in dev.off(): QuartzBitmap_Output - unable to open file '/Volumes/Builds/packages/high-sierra-x86_64/results/4.0/codebook.Rcheck/vign_test/codebook/vignettes/codebook_tutorial_files/figure-html/cb_codebook_data_C2_distribution-96-1.png'
--- failed re-building ‘codebook_tutorial.Rmd’
SUMMARY: processing the following file failed:
‘codebook_tutorial.Rmd’
Error: Vignette re-building failed.
Execution halted
Flavor: r-release-osx-x86_64
Version: 0.9.2
Check: re-building of vignette outputs
Result: WARN
Error(s) in re-building vignettes:
--- re-building ‘codebook.Rmd’ using rmarkdown
Warning in engine$weave(file, quiet = quiet, encoding = enc) :
Pandoc (>= 1.12.3) and/or pandoc-citeproc not available. Falling back to R Markdown v1.
Attaching package: 'labelled'
The following object is masked from 'package:codebook':
to_factor
Quitting from lines NA-15 (codebook.Rmd)
Error: processing vignette 'codebook.Rmd' failed with diagnostics:
cannot open the connection
--- failed re-building ‘codebook.Rmd’
--- re-building ‘codebook_qualtrics.Rmd’ using rmarkdown
Warning in engine$weave(file, quiet = quiet, encoding = enc) :
Pandoc (>= 1.12.3) and/or pandoc-citeproc not available. Falling back to R Markdown v1.
Attaching package: 'dplyr'
The following objects are masked from 'package:stats':
filter, lag
The following objects are masked from 'package:base':
intersect, setdiff, setequal, union
Warning: Unknown or uninitialised column: `foreign`.
Warning: Unknown or uninitialised column: `foreign`.
Warning: Unknown or uninitialised column: `foreign`.
Warning in if (grepl("labelled", class(x[[i]]))) { :
the condition has length > 1 and only the first element will be used
Warning: Unknown or uninitialised column: `foreign`.
Warning in if (grepl("labelled", class(x[[i]]))) { :
the condition has length > 1 and only the first element will be used
Warning: Unknown or uninitialised column: `foreign`.
Warning: Unknown or uninitialised column: `foreign`.
Warning: Unknown or uninitialised column: `foreign`.
Warning: Unknown or uninitialised column: `foreign`.
Warning: Unknown or uninitialised column: `foreign`.
Warning: Unknown or uninitialised column: `foreign`.
Warning: Unknown or uninitialised column: `foreign`.
Warning: Unknown or uninitialised column: `foreign`.
Warning in if (grepl("labelled", class(x[[i]]))) { :
the condition has length > 1 and only the first element will be used
Warning: Unknown or uninitialised column: `foreign`.
Warning in if (grepl("labelled", class(x[[i]]))) { :
the condition has length > 1 and only the first element will be used
Warning: Unknown or uninitialised column: `foreign`.
Warning in if (grepl("labelled", class(x[[i]]))) { :
the condition has length > 1 and only the first element will be used
Warning: Unknown or uninitialised column: `foreign`.
Warning in if (grepl("labelled", class(x[[i]]))) { :
the condition has length > 1 and only the first element will be used
Warning: Unknown or uninitialised column: `foreign`.
Warning in if (grepl("labelled", class(x[[i]]))) { :
the condition has length > 1 and only the first element will be used
Warning: Unknown or uninitialised column: `foreign`.
Warning in if (grepl("labelled", class(x[[i]]))) { :
the condition has length > 1 and only the first element will be used
Warning: Unknown or uninitialised column: `foreign`.
Warning in if (grepl("labelled", class(x[[i]]))) { :
the condition has length > 1 and only the first element will be used
Warning: Unknown or uninitialised column: `foreign`.
Warning in if (grepl("labelled", class(x[[i]]))) { :
the condition has length > 1 and only the first element will be used
Warning: Unknown or uninitialised column: `foreign`.
Warning in if (grepl("labelled", class(x[[i]]))) { :
the condition has length > 1 and only the first element will be used
Warning: Unknown or uninitialised column: `foreign`.
Warning in if (grepl("labelled", class(x[[i]]))) { :
the condition has length > 1 and only the first element will be used
Warning: Unknown or uninitialised column: `foreign`.
Warning in if (grepl("labelled", class(x[[i]]))) { :
the condition has length > 1 and only the first element will be used
Warning: Unknown or uninitialised column: `foreign`.
Warning: Unknown or uninitialised column: `foreign`.
Warning in if (grepl("labelled", class(x[[i]]))) { :
the condition has length > 1 and only the first element will be used
Warning: Unknown or uninitialised column: `foreign`.
Warning in if (grepl("labelled", class(x[[i]]))) { :
the condition has length > 1 and only the first element will be used
Warning: Unknown or uninitialised column: `foreign`.
Warning in if (grepl("labelled", class(x[[i]]))) { :
the condition has length > 1 and only the first element will be used
Warning: Unknown or uninitialised column: `foreign`.
Warning in if (grepl("labelled", class(x[[i]]))) { :
the condition has length > 1 and only the first element will be used
Warning: Unknown or uninitialised column: `foreign`.
Warning in if (grepl("labelled", class(x[[i]]))) { :
the condition has length > 1 and only the first element will be used
Warning: Unknown or uninitialised column: `foreign`.
Warning in if (grepl("labelled", class(x[[i]]))) { :
the condition has length > 1 and only the first element will be used
Warning: Unknown or uninitialised column: `foreign`.
Warning: Unknown or uninitialised column: `foreign`.
Warning: Unknown or uninitialised column: `foreign`.
Warning: Unknown or uninitialised column: `foreign`.
Warning: Unknown or uninitialised column: `foreign`.
Warning: Unknown or uninitialised column: `foreign`.
Quitting from lines NA-15 (codebook_qualtrics.Rmd)
Error: processing vignette 'codebook_qualtrics.Rmd' failed with diagnostics:
cannot open the connection
--- failed re-building ‘codebook_qualtrics.Rmd’
--- re-building ‘codebook_sav.Rmd’ using rmarkdown
Warning in engine$weave(file, quiet = quiet, encoding = enc) :
Pandoc (>= 1.12.3) and/or pandoc-citeproc not available. Falling back to R Markdown v1.
Attaching package: 'dplyr'
The following objects are masked from 'package:stats':
filter, lag
The following objects are masked from 'package:base':
intersect, setdiff, setequal, union
Quitting from lines NA-15 (codebook_sav.Rmd)
Error: processing vignette 'codebook_sav.Rmd' failed with diagnostics:
cannot open the connection
--- failed re-building ‘codebook_sav.Rmd’
--- re-building ‘codebook_tutorial.Rmd’ using rmarkdown
Warning in engine$weave(file, quiet = quiet, encoding = enc) :
Pandoc (>= 1.12.3) and/or pandoc-citeproc not available. Falling back to R Markdown v1.
Attaching package: 'dplyr'
The following objects are masked from 'package:stats':
filter, lag
The following objects are masked from 'package:base':
intersect, setdiff, setequal, union
Quitting from lines NA-15 (codebook_tutorial.Rmd)
Error: processing vignette 'codebook_tutorial.Rmd' failed with diagnostics:
cannot open the connection
--- failed re-building ‘codebook_tutorial.Rmd’
SUMMARY: processing the following files failed:
‘codebook.Rmd’ ‘codebook_qualtrics.Rmd’ ‘codebook_sav.Rmd’
‘codebook_tutorial.Rmd’
Error: Vignette re-building failed.
Execution halted
Flavor: r-oldrel-osx-x86_64