Last updated on 2020-07-02 02:09:45 CEST.
Flavor | Version | Tinstall | Tcheck | Ttotal | Status | Flags |
---|---|---|---|---|---|---|
r-devel-linux-x86_64-debian-clang | 1.1.1 | 2.18 | 22.09 | 24.27 | OK | |
r-devel-linux-x86_64-debian-gcc | 1.1.1 | 1.71 | 17.40 | 19.11 | OK | |
r-devel-linux-x86_64-fedora-clang | 1.1.1 | 37.74 | NOTE | |||
r-devel-linux-x86_64-fedora-gcc | 1.1.1 | 28.30 | NOTE | |||
r-devel-windows-ix86+x86_64 | 1.1.1 | 12.00 | 36.00 | 48.00 | OK | |
r-patched-linux-x86_64 | 1.1.1 | 2.24 | 21.92 | 24.16 | OK | |
r-patched-solaris-x86 | 1.1.1 | 45.90 | NOTE | |||
r-release-linux-x86_64 | 1.1.1 | 2.12 | 21.97 | 24.09 | OK | |
r-release-osx-x86_64 | 1.1.1 | NOTE | ||||
r-release-windows-ix86+x86_64 | 1.1.1 | 7.00 | 34.00 | 41.00 | OK | |
r-oldrel-osx-x86_64 | 1.1.1 | NOTE | ||||
r-oldrel-windows-ix86+x86_64 | 1.1.1 | 9.00 | 54.00 | 63.00 | OK |
Version: 1.1.1
Check: dependencies in R code
Result: NOTE
Namespace in Imports field not imported from: ‘tibble’
All declared Imports should be used.
Flavors: r-devel-linux-x86_64-fedora-clang, r-devel-linux-x86_64-fedora-gcc, r-patched-solaris-x86, r-release-osx-x86_64, r-oldrel-osx-x86_64