Last updated on 2020-07-02 02:09:45 CEST.
Flavor | Version | Tinstall | Tcheck | Ttotal | Status | Flags |
---|---|---|---|---|---|---|
r-devel-linux-x86_64-debian-clang | 0.1.2 | 5.50 | 39.72 | 45.22 | OK | |
r-devel-linux-x86_64-debian-gcc | 0.1.2 | 4.54 | 32.13 | 36.67 | OK | |
r-devel-linux-x86_64-fedora-clang | 0.1.2 | 64.58 | NOTE | |||
r-devel-linux-x86_64-fedora-gcc | 0.1.2 | 55.60 | NOTE | |||
r-devel-windows-ix86+x86_64 | 0.1.2 | 18.00 | 81.00 | 99.00 | OK | |
r-patched-linux-x86_64 | 0.1.2 | 5.95 | 41.30 | 47.25 | OK | |
r-patched-solaris-x86 | 0.1.2 | 86.60 | NOTE | |||
r-release-linux-x86_64 | 0.1.2 | 5.27 | 41.38 | 46.65 | OK | |
r-release-osx-x86_64 | 0.1.2 | NOTE | ||||
r-release-windows-ix86+x86_64 | 0.1.2 | 13.00 | 52.00 | 65.00 | OK | |
r-oldrel-osx-x86_64 | 0.1.2 | NOTE | ||||
r-oldrel-windows-ix86+x86_64 | 0.1.2 | 35.00 | 84.00 | 119.00 | OK |
Version: 0.1.2
Check: data for non-ASCII characters
Result: NOTE
Note: found 237 marked UTF-8 strings
Flavors: r-devel-linux-x86_64-fedora-clang, r-devel-linux-x86_64-fedora-gcc, r-patched-solaris-x86, r-release-osx-x86_64, r-oldrel-osx-x86_64