Last updated on 2020-07-02 02:09:45 CEST.
Flavor | Version | Tinstall | Tcheck | Ttotal | Status | Flags |
---|---|---|---|---|---|---|
r-devel-linux-x86_64-debian-clang | 1.2.5 | 2.24 | 98.15 | 100.39 | OK | |
r-devel-linux-x86_64-debian-gcc | 1.2.5 | 1.76 | 77.64 | 79.40 | OK | |
r-devel-linux-x86_64-fedora-clang | 1.2.5 | 110.80 | OK | |||
r-devel-linux-x86_64-fedora-gcc | 1.2.5 | 123.74 | OK | |||
r-devel-windows-ix86+x86_64 | 1.2.5 | 9.00 | 35.00 | 44.00 | OK | |
r-patched-linux-x86_64 | 1.2.5 | 1.99 | 100.14 | 102.13 | OK | |
r-patched-solaris-x86 | 1.2.5 | 46.90 | NOTE | |||
r-release-linux-x86_64 | 1.2.5 | 2.12 | 100.60 | 102.72 | OK | |
r-release-osx-x86_64 | 1.2.5 | OK | ||||
r-release-windows-ix86+x86_64 | 1.2.5 | 8.00 | 140.00 | 148.00 | OK | |
r-oldrel-osx-x86_64 | 1.2.5 | OK | ||||
r-oldrel-windows-ix86+x86_64 | 1.2.5 | 6.00 | 176.00 | 182.00 | OK |
Version: 1.2.5
Check: package dependencies
Result: NOTE
Package suggested but not available for checking: ‘rscala’
Flavor: r-patched-solaris-x86