Last updated on 2020-07-02 02:09:45 CEST.
Flavor | Version | Tinstall | Tcheck | Ttotal | Status | Flags |
---|---|---|---|---|---|---|
r-devel-linux-x86_64-debian-clang | 0.1 | 105.81 | 26.16 | 131.97 | OK | |
r-devel-linux-x86_64-debian-gcc | 0.1 | 75.58 | 23.45 | 99.03 | OK | |
r-devel-linux-x86_64-fedora-clang | 0.1 | 178.21 | NOTE | |||
r-devel-linux-x86_64-fedora-gcc | 0.1 | 163.87 | OK | |||
r-devel-windows-ix86+x86_64 | 0.1 | 216.00 | 69.00 | 285.00 | OK | |
r-patched-linux-x86_64 | 0.1 | 87.98 | 29.41 | 117.39 | OK | |
r-patched-solaris-x86 | 0.1 | 153.60 | OK | |||
r-release-linux-x86_64 | 0.1 | 85.76 | 29.09 | 114.85 | OK | |
r-release-osx-x86_64 | 0.1 | NOTE | ||||
r-release-windows-ix86+x86_64 | 0.1 | 164.00 | 68.00 | 232.00 | OK | |
r-oldrel-osx-x86_64 | 0.1 | NOTE | ||||
r-oldrel-windows-ix86+x86_64 | 0.1 | 156.00 | 82.00 | 238.00 | OK |
Version: 0.1
Check: installed package size
Result: NOTE
installed size is 28.7Mb
sub-directories of 1Mb or more:
R 1.5Mb
libs 27.0Mb
Flavors: r-devel-linux-x86_64-fedora-clang, r-release-osx-x86_64, r-oldrel-osx-x86_64