Last updated on 2020-07-02 02:09:45 CEST.
Flavor | Version | Tinstall | Tcheck | Ttotal | Status | Flags |
---|---|---|---|---|---|---|
r-devel-linux-x86_64-debian-clang | 0.8.2 | 3.49 | 41.78 | 45.27 | OK | |
r-devel-linux-x86_64-debian-gcc | 0.8.2 | 2.84 | 30.83 | 33.67 | OK | |
r-devel-linux-x86_64-fedora-clang | 0.8.2 | 60.20 | NOTE | |||
r-devel-linux-x86_64-fedora-gcc | 0.8.2 | 48.52 | NOTE | |||
r-devel-windows-ix86+x86_64 | 0.8.2 | 23.00 | 49.00 | 72.00 | OK | |
r-patched-linux-x86_64 | 0.8.2 | 3.34 | 39.23 | 42.57 | OK | |
r-patched-solaris-x86 | 0.8.2 | 73.30 | NOTE | |||
r-release-linux-x86_64 | 0.8.2 | 3.27 | 39.53 | 42.80 | OK | |
r-release-osx-x86_64 | 0.8.2 | NOTE | ||||
r-release-windows-ix86+x86_64 | 0.8.2 | 12.00 | 49.00 | 61.00 | OK | |
r-oldrel-osx-x86_64 | 0.8.2 | NOTE | ||||
r-oldrel-windows-ix86+x86_64 | 0.8.2 | 19.00 | 88.00 | 107.00 | OK |
Version: 0.8.2
Check: dependencies in R code
Result: NOTE
Namespaces in Imports field not imported from:
‘RColorBrewer’ ‘ggplot2’ ‘rmarkdown’ ‘shinyWidgets’ ‘shinydashboard’
‘shinyjs’
All declared Imports should be used.
Flavors: r-devel-linux-x86_64-fedora-clang, r-devel-linux-x86_64-fedora-gcc, r-patched-solaris-x86, r-release-osx-x86_64, r-oldrel-osx-x86_64