CRAN Package Check Results for Package coveffectsplot

Last updated on 2020-07-02 02:09:46 CEST.

Flavor Version Tinstall Tcheck Ttotal Status Flags
r-devel-linux-x86_64-debian-clang 0.0.9 2.90 99.27 102.17 OK
r-devel-linux-x86_64-debian-gcc 0.0.9 2.21 69.78 71.99 OK
r-devel-linux-x86_64-fedora-clang 0.0.9 123.79 NOTE
r-devel-linux-x86_64-fedora-gcc 0.0.9 111.68 NOTE
r-devel-windows-ix86+x86_64 0.0.9 21.00 97.00 118.00 OK
r-patched-linux-x86_64 0.0.9 2.97 90.50 93.47 OK
r-patched-solaris-x86 0.0.9 166.80 NOTE
r-release-linux-x86_64 0.0.9 2.25 91.82 94.07 OK
r-release-osx-x86_64 0.0.9 NOTE
r-release-windows-ix86+x86_64 0.0.9 11.00 101.00 112.00 OK
r-oldrel-osx-x86_64 0.0.9 NOTE
r-oldrel-windows-ix86+x86_64 0.0.9 9.00 163.00 172.00 OK

Check Details

Version: 0.0.9
Check: dependencies in R code
Result: NOTE
    Namespaces in Imports field not imported from:
     ‘colourpicker’ ‘data.table’ ‘dplyr’ ‘markdown’ ‘shinyjs’ ‘table1’
     ‘tidyr’
     All declared Imports should be used.
Flavors: r-devel-linux-x86_64-fedora-clang, r-devel-linux-x86_64-fedora-gcc, r-patched-solaris-x86, r-release-osx-x86_64, r-oldrel-osx-x86_64