Last updated on 2020-07-02 02:09:46 CEST.
Flavor | Version | Tinstall | Tcheck | Ttotal | Status | Flags |
---|---|---|---|---|---|---|
r-devel-linux-x86_64-debian-clang | 0.1.3 | 3.05 | 46.25 | 49.30 | OK | |
r-devel-linux-x86_64-debian-gcc | 0.1.3 | 2.78 | 36.02 | 38.80 | OK | |
r-devel-linux-x86_64-fedora-clang | 0.1.3 | 65.57 | NOTE | |||
r-devel-linux-x86_64-fedora-gcc | 0.1.3 | 57.38 | NOTE | |||
r-devel-windows-ix86+x86_64 | 0.1.3 | 15.00 | 66.00 | 81.00 | OK | |
r-patched-linux-x86_64 | 0.1.3 | 3.50 | 45.53 | 49.03 | OK | |
r-patched-solaris-x86 | 0.1.3 | 91.70 | NOTE | |||
r-release-linux-x86_64 | 0.1.3 | 3.68 | 45.30 | 48.98 | OK | |
r-release-osx-x86_64 | 0.1.3 | NOTE | ||||
r-release-windows-ix86+x86_64 | 0.1.3 | 10.00 | 59.00 | 69.00 | OK | |
r-oldrel-osx-x86_64 | 0.1.3 | NOTE | ||||
r-oldrel-windows-ix86+x86_64 | 0.1.3 | 19.00 | 97.00 | 116.00 | OK |
Version: 0.1.3
Check: data for non-ASCII characters
Result: NOTE
Note: found 48 marked UTF-8 strings
Flavors: r-devel-linux-x86_64-fedora-clang, r-devel-linux-x86_64-fedora-gcc, r-patched-solaris-x86, r-release-osx-x86_64, r-oldrel-osx-x86_64