CRAN Package Check Results for Package ctsem

Last updated on 2020-07-02 02:09:46 CEST.

Flavor Version Tinstall Tcheck Ttotal Status Flags
r-devel-linux-x86_64-debian-clang 3.3.6 604.38 3.87 608.25 ERROR --no-vignettes
r-devel-linux-x86_64-debian-gcc 3.3.6 642.63 197.44 840.07 NOTE --no-vignettes
r-devel-linux-x86_64-fedora-clang 3.3.6 2136.90 NOTE
r-devel-linux-x86_64-fedora-gcc 3.3.6 1631.03 NOTE
r-devel-windows-ix86+x86_64 3.3.6 874.00 391.00 1265.00 NOTE --no-vignettes
r-patched-linux-x86_64 3.3.6 0.01 3.86 3.87 ERROR --no-vignettes
r-patched-solaris-x86 3.3.6 12.30 ERROR
r-release-linux-x86_64 3.3.6 0.01 4.03 4.04 ERROR --no-vignettes
r-release-osx-x86_64 3.3.6 NOTE
r-release-windows-ix86+x86_64 3.3.6 777.00 377.00 1154.00 NOTE --no-vignettes
r-oldrel-osx-x86_64 3.3.6 NOTE
r-oldrel-windows-ix86+x86_64 3.3.6 560.00 429.00 989.00 NOTE --no-vignettes

Check Details

Version: 3.3.6
Flags: --no-vignettes
Check: whether package can be installed
Result: ERROR
    Installation failed.
Flavors: r-devel-linux-x86_64-debian-clang, r-patched-linux-x86_64, r-release-linux-x86_64

Version: 3.3.6
Flags: --no-vignettes
Check: for GNU extensions in Makefiles
Result: NOTE
    GNU make is a SystemRequirements.
Flavors: r-devel-linux-x86_64-debian-gcc, r-devel-windows-ix86+x86_64, r-release-windows-ix86+x86_64, r-oldrel-windows-ix86+x86_64

Version: 3.3.6
Check: installed package size
Result: NOTE
     installed size is 146.0Mb
     sub-directories of 1Mb or more:
     R 1.2Mb
     data 1.2Mb
     doc 1.0Mb
     libs 142.4Mb
Flavors: r-devel-linux-x86_64-fedora-clang, r-release-osx-x86_64, r-oldrel-osx-x86_64

Version: 3.3.6
Check: dependencies in R code
Result: NOTE
    Namespace in Imports field not imported from: ‘pkgbuild’
     All declared Imports should be used.
Flavors: r-devel-linux-x86_64-fedora-clang, r-devel-linux-x86_64-fedora-gcc, r-release-osx-x86_64, r-oldrel-osx-x86_64

Version: 3.3.6
Check: for GNU extensions in Makefiles
Result: NOTE
    GNU make is a SystemRequirements.
Flavors: r-devel-linux-x86_64-fedora-clang, r-devel-linux-x86_64-fedora-gcc, r-release-osx-x86_64, r-oldrel-osx-x86_64

Version: 3.3.6
Check: for detritus in the temp directory
Result: NOTE
    Found the following files/directories:
     ‘par-7269706c6579’
Flavors: r-devel-linux-x86_64-fedora-clang, r-devel-linux-x86_64-fedora-gcc

Version: 3.3.6
Flags: --no-vignettes
Check: installed package size
Result: NOTE
     installed size is 8.8Mb
     sub-directories of 1Mb or more:
     R 1.1Mb
     data 1.2Mb
     doc 1.0Mb
     libs 5.3Mb
Flavors: r-devel-windows-ix86+x86_64, r-release-windows-ix86+x86_64, r-oldrel-windows-ix86+x86_64

Version: 3.3.6
Check: whether package can be installed
Result: ERROR
    Installation failed.
Flavor: r-patched-solaris-x86