CRAN Package Check Results for Package dMod

Last updated on 2020-07-02 02:09:47 CEST.

Flavor Version Tinstall Tcheck Ttotal Status Flags
r-devel-linux-x86_64-debian-clang 1.0.1 14.49 170.07 184.56 NOTE
r-devel-linux-x86_64-debian-gcc 1.0.1 10.74 122.17 132.91 NOTE
r-devel-linux-x86_64-fedora-clang 1.0.1 215.98 NOTE
r-devel-linux-x86_64-fedora-gcc 1.0.1 208.04 NOTE
r-devel-windows-ix86+x86_64 1.0.1 38.00 186.00 224.00 NOTE
r-patched-linux-x86_64 1.0.1 13.23 163.32 176.55 NOTE
r-patched-solaris-x86 1.0.1 269.10 NOTE
r-release-linux-x86_64 1.0.1 13.37 162.73 176.10 NOTE
r-release-osx-x86_64 1.0.1 OK
r-release-windows-ix86+x86_64 1.0.1 26.00 168.00 194.00 NOTE
r-oldrel-osx-x86_64 1.0.1 OK
r-oldrel-windows-ix86+x86_64 1.0.1 51.00 187.00 238.00 NOTE

Check Details

Version: 1.0.1
Check: package dependencies
Result: NOTE
    Package suggested but not available for checking: 'rPython'
Flavors: r-devel-linux-x86_64-debian-clang, r-devel-linux-x86_64-debian-gcc, r-devel-linux-x86_64-fedora-clang, r-devel-linux-x86_64-fedora-gcc, r-devel-windows-ix86+x86_64, r-patched-linux-x86_64, r-patched-solaris-x86, r-release-linux-x86_64, r-release-windows-ix86+x86_64, r-oldrel-windows-ix86+x86_64