CRAN Package Check Results for Package dataframes2xls

Last updated on 2020-07-02 02:09:46 CEST.

Flavor Version Tinstall Tcheck Ttotal Status Flags
r-devel-linux-x86_64-debian-clang 0.4.7 2.28 18.58 20.86 OK
r-devel-linux-x86_64-debian-gcc 0.4.7 1.58 14.95 16.53 OK
r-devel-linux-x86_64-fedora-clang 0.4.7 33.66 NOTE
r-devel-linux-x86_64-fedora-gcc 0.4.7 24.16 OK
r-devel-windows-ix86+x86_64 0.4.7 8.00 29.00 37.00 OK
r-patched-linux-x86_64 0.4.7 1.80 18.74 20.54 OK
r-patched-solaris-x86 0.4.7 38.60 OK
r-release-linux-x86_64 0.4.7 2.18 18.82 21.00 OK
r-release-osx-x86_64 0.4.7 OK
r-release-windows-ix86+x86_64 0.4.7 6.00 28.00 34.00 OK
r-oldrel-osx-x86_64 0.4.7 OK
r-oldrel-windows-ix86+x86_64 0.4.7 6.00 45.00 51.00 OK

Check Details

Version: 0.4.7
Check: Rd cross-references
Result: NOTE
    Undeclared package ‘gdata’ in Rd xrefs
Flavor: r-devel-linux-x86_64-fedora-clang