CRAN Package Check Results for Package datasus

Last updated on 2020-07-02 02:09:46 CEST.

Flavor Version Tinstall Tcheck Ttotal Status Flags
r-devel-linux-x86_64-debian-clang 0.4.1.1 16.05 59.82 75.87 OK
r-devel-linux-x86_64-debian-gcc 0.4.1.1 10.89 45.34 56.23 OK
r-devel-linux-x86_64-fedora-clang 0.4.1.1 96.57 NOTE
r-devel-linux-x86_64-fedora-gcc 0.4.1.1 88.92 NOTE
r-devel-windows-ix86+x86_64 0.4.1.1 31.00 183.00 214.00 OK
r-patched-linux-x86_64 0.4.1.1 12.49 60.91 73.40 OK
r-patched-solaris-x86 0.4.1.1 111.00 NOTE
r-release-linux-x86_64 0.4.1.1 13.46 60.19 73.65 OK
r-release-osx-x86_64 0.4.1.1 NOTE
r-release-windows-ix86+x86_64 0.4.1.1 22.00 71.00 93.00 OK
r-oldrel-osx-x86_64 0.4.1.1 NOTE
r-oldrel-windows-ix86+x86_64 0.4.1.1 30.00 69.00 99.00 OK

Check Details

Version: 0.4.1.1
Check: dependencies in R code
Result: NOTE
    Namespace in Imports field not imported from: ‘RCurl’
     All declared Imports should be used.
Flavors: r-devel-linux-x86_64-fedora-clang, r-devel-linux-x86_64-fedora-gcc, r-patched-solaris-x86, r-release-osx-x86_64, r-oldrel-osx-x86_64