Last updated on 2020-07-02 02:09:46 CEST.
Flavor | Version | Tinstall | Tcheck | Ttotal | Status | Flags |
---|---|---|---|---|---|---|
r-devel-linux-x86_64-debian-clang | 2.3-0 | 15.49 | 108.92 | 124.41 | OK | |
r-devel-linux-x86_64-debian-gcc | 2.3-0 | 11.27 | 81.27 | 92.54 | OK | |
r-devel-linux-x86_64-fedora-clang | 2.3-0 | 154.56 | OK | |||
r-devel-linux-x86_64-fedora-gcc | 2.3-0 | 144.17 | OK | |||
r-devel-windows-ix86+x86_64 | 2.3-0 | 49.00 | 121.00 | 170.00 | OK | |
r-patched-linux-x86_64 | 2.3-0 | 9.48 | 105.04 | 114.52 | OK | |
r-patched-solaris-x86 | 2.3-0 | 221.00 | NOTE | |||
r-release-linux-x86_64 | 2.3-0 | 9.71 | 104.88 | 114.59 | OK | |
r-release-osx-x86_64 | 2.3-0 | NOTE | ||||
r-release-windows-ix86+x86_64 | 2.3-0 | 24.00 | 127.00 | 151.00 | OK | |
r-oldrel-osx-x86_64 | 2.3-0 | NOTE | ||||
r-oldrel-windows-ix86+x86_64 | 2.3-0 | 45.00 | 168.00 | 213.00 | OK |
Version: 2.3-0
Check: package dependencies
Result: NOTE
Package suggested but not available for checking: ‘BRugs’
Flavors: r-patched-solaris-x86, r-release-osx-x86_64, r-oldrel-osx-x86_64