Last updated on 2020-07-02 02:09:46 CEST.
Flavor | Version | Tinstall | Tcheck | Ttotal | Status | Flags |
---|---|---|---|---|---|---|
r-devel-linux-x86_64-debian-clang | 1.3.11 | 180.05 | 114.91 | 294.96 | OK | |
r-devel-linux-x86_64-debian-gcc | 1.3.11 | 130.37 | 86.58 | 216.95 | OK | |
r-devel-linux-x86_64-fedora-clang | 1.3.11 | 413.05 | NOTE | |||
r-devel-linux-x86_64-fedora-gcc | 1.3.11 | 358.86 | OK | |||
r-devel-windows-ix86+x86_64 | 1.3.11 | 503.00 | 191.00 | 694.00 | OK | |
r-patched-linux-x86_64 | 1.3.11 | 130.20 | 113.47 | 243.67 | OK | |
r-patched-solaris-x86 | 1.3.11 | 372.50 | OK | |||
r-release-linux-x86_64 | 1.3.11 | 128.99 | 112.92 | 241.91 | OK | |
r-release-osx-x86_64 | 1.3.11 | OK | ||||
r-release-windows-ix86+x86_64 | 1.3.11 | 366.00 | 184.00 | 550.00 | OK | |
r-oldrel-osx-x86_64 | 1.3.11 | OK | ||||
r-oldrel-windows-ix86+x86_64 | 1.3.11 | 349.00 | 254.00 | 603.00 | OK |
Version: 1.3.11
Check: installed package size
Result: NOTE
installed size is 5.2Mb
sub-directories of 1Mb or more:
libs 4.0Mb
Flavor: r-devel-linux-x86_64-fedora-clang
Version: 1.3.11
Check: Rd cross-references
Result: NOTE
Undeclared package ‘fda.usc’ in Rd xrefs
Flavor: r-devel-linux-x86_64-fedora-clang