CRAN Package Check Results for Package delt

Last updated on 2020-07-02 02:09:46 CEST.

Flavor Version Tinstall Tcheck Ttotal Status Flags
r-devel-linux-x86_64-debian-clang 0.8.2 13.11 61.96 75.07 NOTE
r-devel-linux-x86_64-debian-gcc 0.8.2 10.44 46.08 56.52 NOTE
r-devel-linux-x86_64-fedora-clang 0.8.2 95.73 NOTE
r-devel-linux-x86_64-fedora-gcc 0.8.2 85.18 NOTE
r-devel-windows-ix86+x86_64 0.8.2 31.00 80.00 111.00 NOTE
r-patched-linux-x86_64 0.8.2 11.74 61.65 73.39 NOTE
r-patched-solaris-x86 0.8.2 109.20 NOTE
r-release-linux-x86_64 0.8.2 11.79 61.65 73.44 NOTE
r-release-osx-x86_64 0.8.2 NOTE
r-release-windows-ix86+x86_64 0.8.2 21.00 81.00 102.00 NOTE
r-oldrel-osx-x86_64 0.8.2 NOTE
r-oldrel-windows-ix86+x86_64 0.8.2 21.00 101.00 122.00 NOTE

Check Details

Version: 0.8.2
Check: R code for possible problems
Result: NOTE
    bootbagg: no visible global function definition for 'runif'
    bootworpl: no visible global function definition for 'runif'
    des12: no visible global function definition for 'rnorm'
    des12: no visible global function definition for 'runif'
    eval.stage.gauss: no visible global function definition for 'var'
    plotparti: no visible global function definition for 'lines'
    plotpartilev: no visible global function definition for 'polygon'
    plotpartilev: no visible global function definition for 'points'
    simesi: no visible global function definition for 'runif'
    simesi3d: no visible global function definition for 'runif'
    simfssk: no visible global function definition for 'rnorm'
    simfssk: no visible global function definition for 'runif'
    simmix.delt: no visible global function definition for 'rnorm'
    simmix.delt: no visible global function definition for 'runif'
    simpp: no visible global function definition for 'rnorm'
    simpp: no visible global function definition for 'runif'
    simutree: no visible global function definition for 'runif'
    stage.gaussR: no visible global function definition for 'var'
    unidis: no visible global function definition for 'runif'
    Undefined global functions or variables:
     lines points polygon rnorm runif var
    Consider adding
     importFrom("graphics", "lines", "points", "polygon")
     importFrom("stats", "rnorm", "runif", "var")
    to your NAMESPACE file.
Flavors: r-devel-linux-x86_64-debian-clang, r-devel-linux-x86_64-debian-gcc, r-devel-linux-x86_64-fedora-clang, r-devel-linux-x86_64-fedora-gcc, r-devel-windows-ix86+x86_64, r-patched-linux-x86_64, r-patched-solaris-x86, r-release-linux-x86_64, r-release-osx-x86_64, r-release-windows-ix86+x86_64

Version: 0.8.2
Check: compiled code
Result: NOTE
    File ‘delt/libs/delt.so’:
     Found no calls to: ‘R_registerRoutines’, ‘R_useDynamicSymbols’
    
    It is good practice to register native routines and to disable symbol
    search.
    
    See ‘Writing portable packages’ in the ‘Writing R Extensions’ manual.
Flavors: r-devel-linux-x86_64-fedora-clang, r-devel-linux-x86_64-fedora-gcc

Version: 0.8.2
Check: R code for possible problems
Result: NOTE
    bootbagg: no visible global function definition for ‘runif’
    bootworpl: no visible global function definition for ‘runif’
    des12: no visible global function definition for ‘rnorm’
    des12: no visible global function definition for ‘runif’
    eval.stage.gauss: no visible global function definition for ‘var’
    plotparti: no visible global function definition for ‘plot’
    plotparti: no visible global function definition for ‘lines’
    plotpartilev: no visible global function definition for ‘plot’
    plotpartilev: no visible global function definition for ‘polygon’
    plotpartilev: no visible global function definition for ‘points’
    simesi: no visible global function definition for ‘runif’
    simesi3d: no visible global function definition for ‘runif’
    simfssk: no visible global function definition for ‘rnorm’
    simfssk: no visible global function definition for ‘runif’
    simmix.delt: no visible global function definition for ‘rnorm’
    simmix.delt: no visible global function definition for ‘runif’
    simpp: no visible global function definition for ‘rnorm’
    simpp: no visible global function definition for ‘runif’
    simutree: no visible global function definition for ‘runif’
    stage.gaussR: no visible global function definition for ‘var’
    unidis: no visible global function definition for ‘runif’
    Undefined global functions or variables:
     lines plot points polygon rnorm runif var
    Consider adding
     importFrom("graphics", "lines", "plot", "points", "polygon")
     importFrom("stats", "rnorm", "runif", "var")
    to your NAMESPACE file.
Flavors: r-oldrel-osx-x86_64, r-oldrel-windows-ix86+x86_64