Last updated on 2020-07-02 02:09:46 CEST.
Flavor | Version | Tinstall | Tcheck | Ttotal | Status | Flags |
---|---|---|---|---|---|---|
r-devel-linux-x86_64-debian-clang | 0.1.10 | 4.61 | 34.33 | 38.94 | OK | |
r-devel-linux-x86_64-debian-gcc | 0.1.10 | 3.92 | 26.67 | 30.59 | OK | |
r-devel-linux-x86_64-fedora-clang | 0.1.10 | 55.99 | NOTE | |||
r-devel-linux-x86_64-fedora-gcc | 0.1.10 | 46.43 | NOTE | |||
r-devel-windows-ix86+x86_64 | 0.1.10 | 18.00 | 73.00 | 91.00 | OK | |
r-patched-linux-x86_64 | 0.1.10 | 5.61 | 33.65 | 39.26 | OK | |
r-patched-solaris-x86 | 0.1.10 | 65.90 | NOTE | |||
r-release-linux-x86_64 | 0.1.10 | 5.12 | 33.57 | 38.69 | OK | |
r-release-osx-x86_64 | 0.1.10 | NOTE | ||||
r-release-windows-ix86+x86_64 | 0.1.10 | 12.00 | 47.00 | 59.00 | OK | |
r-oldrel-osx-x86_64 | 0.1.10 | NOTE | ||||
r-oldrel-windows-ix86+x86_64 | 0.1.10 | 19.00 | 87.00 | 106.00 | OK |
Version: 0.1.10
Check: dependencies in R code
Result: NOTE
Namespace in Imports field not imported from: ‘MASS’
All declared Imports should be used.
Flavors: r-devel-linux-x86_64-fedora-clang, r-devel-linux-x86_64-fedora-gcc, r-patched-solaris-x86, r-release-osx-x86_64, r-oldrel-osx-x86_64