CRAN Package Check Results for Package detzrcr

Last updated on 2020-07-02 02:09:46 CEST.

Flavor Version Tinstall Tcheck Ttotal Status Flags
r-devel-linux-x86_64-debian-clang 0.3.0 4.24 29.59 33.83 OK
r-devel-linux-x86_64-debian-gcc 0.3.0 3.17 22.93 26.10 OK
r-devel-linux-x86_64-fedora-clang 0.3.0 47.97 NOTE
r-devel-linux-x86_64-fedora-gcc 0.3.0 39.22 NOTE
r-devel-windows-ix86+x86_64 0.3.0 14.00 66.00 80.00 OK
r-patched-linux-x86_64 0.3.0 4.08 29.61 33.69 OK
r-patched-solaris-x86 0.3.0 56.00 NOTE
r-release-linux-x86_64 0.3.0 3.69 28.79 32.48 OK
r-release-osx-x86_64 0.3.0 NOTE
r-release-windows-ix86+x86_64 0.3.0 9.00 45.00 54.00 OK
r-oldrel-osx-x86_64 0.3.0 NOTE
r-oldrel-windows-ix86+x86_64 0.3.0 22.00 44.00 66.00 OK

Check Details

Version: 0.3.0
Check: dependencies in R code
Result: NOTE
    Namespaces in Imports field not imported from:
     ‘DT’ ‘utils’
     All declared Imports should be used.
Flavors: r-devel-linux-x86_64-fedora-clang, r-devel-linux-x86_64-fedora-gcc, r-patched-solaris-x86, r-release-osx-x86_64, r-oldrel-osx-x86_64