CRAN Package Check Results for Package dextergui

Last updated on 2020-07-02 02:09:46 CEST.

Flavor Version Tinstall Tcheck Ttotal Status Flags
r-devel-linux-x86_64-debian-clang 0.2.2 14.82 90.30 105.12 OK
r-devel-linux-x86_64-debian-gcc 0.2.2 11.47 66.47 77.94 OK
r-devel-linux-x86_64-fedora-clang 0.2.2 133.61 NOTE
r-devel-linux-x86_64-fedora-gcc 0.2.2 121.34 OK
r-devel-windows-ix86+x86_64 0.2.2 57.00 154.00 211.00 OK
r-patched-linux-x86_64 0.2.2 14.43 85.10 99.53 OK
r-patched-solaris-x86 0.2.2 175.20 OK
r-release-linux-x86_64 0.2.2 14.16 84.73 98.89 OK
r-release-osx-x86_64 0.2.2 OK
r-release-windows-ix86+x86_64 0.2.2 33.00 103.00 136.00 OK
r-oldrel-osx-x86_64 0.2.2 OK
r-oldrel-windows-ix86+x86_64 0.2.2 37.00 156.00 193.00 OK

Check Details

Version: 0.2.2
Check: package dependencies
Result: NOTE
    Imports includes 22 non-default packages.
    Importing from so many packages makes the package vulnerable to any of
    them becoming unavailable. Move as many as possible to Suggests and
    use conditionally.
Flavor: r-devel-linux-x86_64-fedora-clang