CRAN Package Check Results for Package dipsaus

Last updated on 2020-07-02 02:09:47 CEST.

Flavor Version Tinstall Tcheck Ttotal Status Flags
r-devel-linux-x86_64-debian-clang 0.0.8 68.71 67.24 135.95 OK
r-devel-linux-x86_64-debian-gcc 0.0.8 49.89 52.63 102.52 OK
r-devel-linux-x86_64-fedora-clang 0.0.8 197.69 NOTE
r-devel-linux-x86_64-fedora-gcc 0.0.8 178.44 NOTE
r-devel-windows-ix86+x86_64 0.0.8 199.00 189.00 388.00 OK
r-patched-linux-x86_64 0.0.8 52.10 67.15 119.25 OK
r-patched-solaris-x86 0.0.8 192.20 NOTE
r-release-linux-x86_64 0.0.8 55.64 67.28 122.92 OK
r-release-osx-x86_64 0.0.8 NOTE
r-release-windows-ix86+x86_64 0.0.8 182.00 172.00 354.00 OK
r-oldrel-osx-x86_64 0.0.8 NOTE
r-oldrel-windows-ix86+x86_64 0.0.8 163.00 175.00 338.00 OK

Check Details

Version: 0.0.8
Check: dependencies in R code
Result: NOTE
    Namespace in Imports field not imported from: ‘yaml’
     All declared Imports should be used.
Flavors: r-devel-linux-x86_64-fedora-clang, r-devel-linux-x86_64-fedora-gcc, r-patched-solaris-x86, r-release-osx-x86_64, r-oldrel-osx-x86_64

Version: 0.0.8
Check: package dependencies
Result: NOTE
    Package suggested but not available for checking: ‘RcppRedis’
Flavor: r-patched-solaris-x86