CRAN Package Check Results for Package dissever

Last updated on 2020-07-02 02:09:47 CEST.

Flavor Version Tinstall Tcheck Ttotal Status Flags
r-devel-linux-x86_64-debian-clang 0.2-3 19.81 203.28 223.09 OK
r-devel-linux-x86_64-debian-gcc 0.2-3 15.56 157.51 173.07 OK
r-devel-linux-x86_64-fedora-clang 0.2-3 280.00 OK
r-devel-linux-x86_64-fedora-gcc 0.2-3 267.24 OK
r-devel-windows-ix86+x86_64 0.2-3 66.00 158.00 224.00 ERROR
r-patched-linux-x86_64 0.2-3 18.44 197.23 215.67 OK
r-patched-solaris-x86 0.2-3 393.20 OK
r-release-linux-x86_64 0.2-3 18.13 198.83 216.96 OK
r-release-osx-x86_64 0.2-3 OK
r-release-windows-ix86+x86_64 0.2-3 43.00 190.00 233.00 OK
r-oldrel-osx-x86_64 0.2-3 OK
r-oldrel-windows-ix86+x86_64 0.2-3 49.00 273.00 322.00 OK

Check Details

Version: 0.2-3
Check: re-building of vignette outputs
Result: WARN
    Error(s) in re-building vignettes:
    --- re-building 'dissever-demo.Rmd' using rmarkdown
    Loading required package: sp
    Loading required package: viridisLite
    
    Attaching package: 'dplyr'
    
    The following objects are masked from 'package:raster':
    
     intersect, select, union
    
    The following objects are masked from 'package:stats':
    
     filter, lag
    
    The following objects are masked from 'package:base':
    
     intersect, setdiff, setequal, union
    
    
    Attaching package: 'magrittr'
    
    The following object is masked from 'package:raster':
    
     extract
    
    Quitting from lines 53-92 (dissever-demo.Rmd)
    Error: processing vignette 'dissever-demo.Rmd' failed with diagnostics:
    package 'lattice' required by 'caret' could not be found
    --- failed re-building 'dissever-demo.Rmd'
    
    SUMMARY: processing the following file failed:
     'dissever-demo.Rmd'
    
    Error: Vignette re-building failed.
    Execution halted
Flavor: r-devel-windows-ix86+x86_64

Version: 0.2-3
Check: PDF version of manual
Result: WARN
    LaTeX errors when creating PDF version.
    This typically indicates Rd problems.
Flavor: r-devel-windows-ix86+x86_64

Version: 0.2-3
Check: PDF version of manual without hyperrefs or index
Result: ERROR
    Re-running with no redirection of stdout/stderr.
Flavor: r-devel-windows-ix86+x86_64