Last updated on 2020-07-02 02:09:47 CEST.
Flavor | Version | Tinstall | Tcheck | Ttotal | Status | Flags |
---|---|---|---|---|---|---|
r-devel-linux-x86_64-debian-clang | 2.8.0 | 9.42 | 141.57 | 150.99 | OK | |
r-devel-linux-x86_64-debian-gcc | 2.8.0 | 7.09 | 105.60 | 112.69 | OK | |
r-devel-linux-x86_64-fedora-clang | 2.8.0 | 185.21 | OK | |||
r-devel-linux-x86_64-fedora-gcc | 2.8.0 | 177.88 | OK | |||
r-devel-windows-ix86+x86_64 | 2.8.0 | 29.00 | 95.00 | 124.00 | ERROR | |
r-patched-linux-x86_64 | 2.8.0 | 9.53 | 137.27 | 146.80 | OK | |
r-patched-solaris-x86 | 2.8.0 | 241.40 | OK | |||
r-release-linux-x86_64 | 2.8.0 | 10.19 | 137.69 | 147.88 | OK | |
r-release-osx-x86_64 | 2.8.0 | OK | ||||
r-release-windows-ix86+x86_64 | 2.8.0 | 21.00 | 138.00 | 159.00 | OK | |
r-oldrel-osx-x86_64 | 2.8.0 | NOTE | ||||
r-oldrel-windows-ix86+x86_64 | 2.8.0 | 24.00 | 184.00 | 208.00 | OK |
Version: 2.8.0
Check: re-building of vignette outputs
Result: WARN
Error(s) in re-building vignettes:
--- re-building 'distr.Rnw' using knitr
Quitting from lines 1200-1203 (distr.Rnw)
Error: processing vignette 'distr.Rnw' failed with diagnostics:
failed to load sRGB colorspace file
--- failed re-building 'distr.Rnw'
SUMMARY: processing the following file failed:
'distr.Rnw'
Error: Vignette re-building failed.
Execution halted
Flavor: r-devel-windows-ix86+x86_64
Version: 2.8.0
Check: PDF version of manual
Result: WARN
LaTeX errors when creating PDF version.
This typically indicates Rd problems.
Flavor: r-devel-windows-ix86+x86_64
Version: 2.8.0
Check: PDF version of manual without hyperrefs or index
Result: ERROR
Re-running with no redirection of stdout/stderr.
Flavor: r-devel-windows-ix86+x86_64
Version: 2.8.0
Check: package dependencies
Result: NOTE
Package suggested but not available for checking: ‘Biobase’
Flavor: r-oldrel-osx-x86_64