CRAN Package Check Results for Package distributionsrd

Last updated on 2020-07-02 02:09:47 CEST.

Flavor Version Tinstall Tcheck Ttotal Status Flags
r-devel-linux-x86_64-debian-clang 0.0.6 8.56 72.11 80.67 OK
r-devel-linux-x86_64-debian-gcc 0.0.6 6.24 55.95 62.19 OK
r-devel-linux-x86_64-fedora-clang 0.0.6 105.29 OK
r-devel-linux-x86_64-fedora-gcc 0.0.6 96.08 OK
r-devel-windows-ix86+x86_64 0.0.6 19.00 70.00 89.00 FAIL
r-patched-linux-x86_64 0.0.6 7.64 72.44 80.08 OK
r-patched-solaris-x86 0.0.6 161.80 OK
r-release-linux-x86_64 0.0.6 9.05 72.55 81.60 OK
r-release-osx-x86_64 0.0.6 OK
r-release-windows-ix86+x86_64 0.0.6 13.00 84.00 97.00 OK
r-oldrel-osx-x86_64 0.0.6 OK
r-oldrel-windows-ix86+x86_64 0.0.6 14.00 120.00 134.00 OK

Check Details

Version: 0.0.6
Check: examples
Result: ERROR
    Running examples in 'distributionsrd-Ex.R' failed
    The error most likely occurred in:
    
    > ### Name: weibull
    > ### Title: The Weibull distribution
    > ### Aliases: weibull mweibull
    >
    > ### ** Examples
    >
    >
    > ## The zeroth truncated moment is equivalent to the probability function
    > pweibull(2, shape = 2, scale = 1)
    [1] 0.9816844
    > mweibull(truncation = 2)
    [1] 0.9816844
    >
    > ## The (truncated) first moment is equivalent to the mean of a (truncated) random sample,
    > #for large enough samples.
    > x <- rweibull(1e5, shape = 2, scale = 1)
    > mean(x)
    [1] 0.8873466
    > mweibull(r = 1, lower.tail = FALSE)
    [1] 0.8862269
    >
    > sum(x[x > quantile(x, 0.1)]) / length(x)
    [1] 0.8660611
    > mweibull(r = 1, truncation = quantile(x, 0.1), lower.tail = FALSE)
    [1] 0.8648864
    >
    >
    >
    > ### * <FOOTER>
    > ###
    > cleanEx()
    > options(digits = 7L)
    > base::cat("Time elapsed: ", proc.time() - base::get("ptime", pos = 'CheckExEnv'),"\n")
    Time elapsed: 13.78 0.46 14.27 NA NA
    > grDevices::dev.off()
    Error in grDevices::dev.off() : failed to load sRGB colorspace file
    Execution halted
Flavor: r-devel-windows-ix86+x86_64

Version: 0.0.6
Check: for unstated dependencies in ‘tests’
Result: FAIL
Flavor: r-devel-windows-ix86+x86_64