CRAN Package Check Results for Package dplyrAssist

Last updated on 2020-07-02 02:09:47 CEST.

Flavor Version Tinstall Tcheck Ttotal Status Flags
r-devel-linux-x86_64-debian-clang 0.1.0 5.84 42.15 47.99 OK
r-devel-linux-x86_64-debian-gcc 0.1.0 4.20 33.07 37.27 OK
r-devel-linux-x86_64-fedora-clang 0.1.0 63.97 NOTE
r-devel-linux-x86_64-fedora-gcc 0.1.0 55.58 NOTE
r-devel-windows-ix86+x86_64 0.1.0 26.00 89.00 115.00 OK
r-patched-linux-x86_64 0.1.0 4.88 41.87 46.75 OK
r-patched-solaris-x86 0.1.0 86.30 NOTE
r-release-linux-x86_64 0.1.0 5.00 41.76 46.76 OK
r-release-osx-x86_64 0.1.0 NOTE
r-release-windows-ix86+x86_64 0.1.0 16.00 58.00 74.00 OK
r-oldrel-osx-x86_64 0.1.0 NOTE
r-oldrel-windows-ix86+x86_64 0.1.0 19.00 86.00 105.00 OK

Check Details

Version: 0.1.0
Check: dependencies in R code
Result: NOTE
    Namespaces in Imports field not imported from:
     ‘tidyr’ ‘tidyverse’
     All declared Imports should be used.
Flavors: r-devel-linux-x86_64-fedora-clang, r-devel-linux-x86_64-fedora-gcc, r-patched-solaris-x86, r-release-osx-x86_64, r-oldrel-osx-x86_64