Last updated on 2020-07-02 02:09:47 CEST.
Flavor | Version | Tinstall | Tcheck | Ttotal | Status | Flags |
---|---|---|---|---|---|---|
r-devel-linux-x86_64-debian-clang | 0.2.1 | 2.57 | 19.56 | 22.13 | OK | |
r-devel-linux-x86_64-debian-gcc | 0.2.1 | 2.06 | 15.69 | 17.75 | OK | |
r-devel-linux-x86_64-fedora-clang | 0.2.1 | 35.03 | NOTE | |||
r-devel-linux-x86_64-fedora-gcc | 0.2.1 | 26.20 | NOTE | |||
r-devel-windows-ix86+x86_64 | 0.2.1 | 18.00 | 50.00 | 68.00 | OK | |
r-patched-linux-x86_64 | 0.2.1 | 2.59 | 19.71 | 22.30 | OK | |
r-patched-solaris-x86 | 0.2.1 | 42.70 | NOTE | |||
r-release-linux-x86_64 | 0.2.1 | 2.74 | 19.76 | 22.50 | OK | |
r-release-osx-x86_64 | 0.2.1 | NOTE | ||||
r-release-windows-ix86+x86_64 | 0.2.1 | 10.00 | 32.00 | 42.00 | OK | |
r-oldrel-osx-x86_64 | 0.2.1 | NOTE | ||||
r-oldrel-windows-ix86+x86_64 | 0.2.1 | 14.00 | 48.00 | 62.00 | OK |
Version: 0.2.1
Check: dependencies in R code
Result: NOTE
Namespaces in Imports field not imported from:
‘DT’ ‘RColorBrewer’ ‘broom’ ‘colorspace’ ‘colourpicker’ ‘cowplot’
‘igraph’ ‘magrittr’ ‘shinyBS’ ‘shinyWidgets’ ‘shinydashboard’
‘shinythemes’ ‘tidyverse’ ‘visNetwork’
All declared Imports should be used.
Flavors: r-devel-linux-x86_64-fedora-clang, r-devel-linux-x86_64-fedora-gcc, r-patched-solaris-x86, r-release-osx-x86_64, r-oldrel-osx-x86_64