Last updated on 2020-07-02 02:09:47 CEST.
Flavor | Version | Tinstall | Tcheck | Ttotal | Status | Flags |
---|---|---|---|---|---|---|
r-devel-linux-x86_64-debian-clang | 0.5.2 | 41.27 | 238.35 | 279.62 | NOTE | |
r-devel-linux-x86_64-debian-gcc | 0.5.2 | 29.15 | 175.44 | 204.59 | NOTE | |
r-devel-linux-x86_64-fedora-clang | 0.5.2 | 345.77 | NOTE | |||
r-devel-linux-x86_64-fedora-gcc | 0.5.2 | 332.00 | NOTE | |||
r-patched-linux-x86_64 | 0.5.2 | 32.12 | 231.40 | 263.52 | NOTE | |
r-patched-solaris-x86 | 0.5.2 | 548.60 | OK | |||
r-release-linux-x86_64 | 0.5.2 | 31.72 | 232.94 | 264.66 | NOTE | |
r-release-osx-x86_64 | 0.5.2 | OK | ||||
r-release-windows-ix86+x86_64 | 0.5.2 | 87.00 | 353.00 | 440.00 | NOTE | |
r-oldrel-osx-x86_64 | 0.5.2 | OK | ||||
r-oldrel-windows-ix86+x86_64 | 0.5.2 | 96.00 | 415.00 | 511.00 | OK |
Version: 0.5.2
Check: use of SHLIB_OPENMP_*FLAGS in Makefiles
Result: NOTE
src/Makevars: SHLIB_OPENMP_CXXFLAGS is included in PKG_CXXFLAGS but not in PKG_LIBS
src/Makevars: SHLIB_OPENMP_CFLAGS is included in PKG_LIBS but linking is by C++
src/Makevars.win: SHLIB_OPENMP_CXXFLAGS is included in PKG_CXXFLAGS but not in PKG_LIBS
src/Makevars.win: SHLIB_OPENMP_CFLAGS is included in PKG_LIBS but linking is by C++
Use of these macros is discussed in sect 1.2.1.1 of 'Writing R
Extensions'. The macros for different languages may differ so the
matching macro must be used in PKG_CXXFLAGS (etc) and match that used
in PKG_LIBS (except for Fortran: see the manual).
Flavors: r-devel-linux-x86_64-debian-clang, r-devel-linux-x86_64-debian-gcc, r-devel-linux-x86_64-fedora-clang, r-devel-linux-x86_64-fedora-gcc, r-patched-linux-x86_64, r-release-linux-x86_64
Version: 0.5.2
Check: package vignettes
Result: NOTE
Package vignette with placeholder title 'Vignette Title':
'vignette.Rmd'
Flavors: r-devel-linux-x86_64-debian-clang, r-devel-linux-x86_64-debian-gcc, r-patched-linux-x86_64, r-release-linux-x86_64, r-release-windows-ix86+x86_64