Last updated on 2020-07-02 02:09:47 CEST.
Flavor | Version | Tinstall | Tcheck | Ttotal | Status | Flags |
---|---|---|---|---|---|---|
r-devel-linux-x86_64-debian-clang | 0.8.5 | 17.08 | 103.88 | 120.96 | OK | |
r-devel-linux-x86_64-debian-gcc | 0.8.5 | 11.80 | 76.89 | 88.69 | OK | |
r-devel-linux-x86_64-fedora-clang | 0.8.5 | 149.85 | NOTE | |||
r-devel-linux-x86_64-fedora-gcc | 0.8.5 | 139.82 | OK | |||
r-patched-linux-x86_64 | 0.8.5 | 15.16 | 99.79 | 114.95 | OK | |
r-patched-solaris-x86 | 0.8.5 | 187.80 | OK | |||
r-release-linux-x86_64 | 0.8.5 | 14.85 | 99.55 | 114.40 | OK | |
r-release-osx-x86_64 | 0.8.5 | OK | ||||
r-release-windows-ix86+x86_64 | 0.8.5 | 32.00 | 105.00 | 137.00 | OK | |
r-oldrel-osx-x86_64 | 0.8.5 | OK | ||||
r-oldrel-windows-ix86+x86_64 | 0.8.5 | 39.00 | 147.00 | 186.00 | OK |
Version: 0.8.5
Check: Rd cross-references
Result: NOTE
Undeclared package ‘magrittr’ in Rd xrefs
Flavor: r-devel-linux-x86_64-fedora-clang